Last updated on 2019-06-18 01:48:36 CEST.
Flavor | Version | Tinstall | Tcheck | Ttotal | Status | Flags |
---|---|---|---|---|---|---|
r-devel-linux-x86_64-debian-clang | 0.4.0 | 8.36 | 56.91 | 65.27 | OK | |
r-devel-linux-x86_64-debian-gcc | 0.4.0 | 8.80 | 45.97 | 54.77 | OK | |
r-devel-linux-x86_64-fedora-clang | 0.4.0 | 82.43 | NOTE | |||
r-devel-linux-x86_64-fedora-gcc | 0.4.0 | 79.77 | NOTE | |||
r-devel-windows-ix86+x86_64 | 0.4.0 | 25.00 | 110.00 | 135.00 | NOTE | |
r-patched-linux-x86_64 | 0.4.0 | 9.83 | 56.43 | 66.26 | OK | |
r-patched-solaris-x86 | 0.4.0 | 120.10 | NOTE | |||
r-release-linux-x86_64 | 0.4.0 | 9.62 | 56.39 | 66.01 | OK | |
r-release-windows-ix86+x86_64 | 0.4.0 | 18.00 | 109.00 | 127.00 | NOTE | |
r-release-osx-x86_64 | 0.4.0 | NOTE | ||||
r-oldrel-windows-ix86+x86_64 | 0.4.0 | 15.00 | 98.00 | 113.00 | NOTE | |
r-oldrel-osx-x86_64 | 0.4.0 | NOTE |
Version: 0.4.0
Check: installed package size
Result: NOTE
installed size is 6.3Mb
sub-directories of 1Mb or more:
data 5.3Mb
Flavors: r-devel-linux-x86_64-fedora-clang, r-devel-windows-ix86+x86_64, r-patched-solaris-x86, r-release-windows-ix86+x86_64, r-release-osx-x86_64, r-oldrel-windows-ix86+x86_64, r-oldrel-osx-x86_64
Version: 0.4.0
Check: data for non-ASCII characters
Result: NOTE
Note: found 1616 marked UTF-8 strings
Flavors: r-devel-linux-x86_64-fedora-clang, r-devel-linux-x86_64-fedora-gcc, r-patched-solaris-x86, r-release-osx-x86_64, r-oldrel-osx-x86_64