CRAN Package Check Results for Package fs

Last updated on 2019-06-18 01:48:36 CEST.

Flavor Version Tinstall Tcheck Ttotal Status Flags
r-devel-linux-x86_64-debian-clang 1.3.1 80.60 42.66 123.26 NOTE
r-devel-linux-x86_64-debian-gcc 1.3.1 54.83 38.64 93.47 NOTE
r-devel-linux-x86_64-fedora-clang 1.3.1 175.25 NOTE
r-devel-linux-x86_64-fedora-gcc 1.3.1 154.78 NOTE
r-devel-windows-ix86+x86_64 1.3.1 281.00 111.00 392.00 NOTE
r-patched-linux-x86_64 1.3.1 65.14 48.73 113.87 NOTE
r-patched-solaris-x86 1.3.1 164.70 NOTE
r-release-linux-x86_64 1.3.1 66.12 48.30 114.42 NOTE
r-release-windows-ix86+x86_64 1.3.1 188.00 101.00 289.00 NOTE
r-release-osx-x86_64 1.3.1 NOTE
r-oldrel-windows-ix86+x86_64 1.3.1 195.00 102.00 297.00 NOTE
r-oldrel-osx-x86_64 1.3.1 NOTE

Check Details

Version: 1.3.1
Check: for GNU extensions in Makefiles
Result: NOTE
    GNU make is a SystemRequirements.
Flavors: r-devel-linux-x86_64-debian-clang, r-devel-linux-x86_64-debian-gcc, r-devel-linux-x86_64-fedora-clang, r-devel-linux-x86_64-fedora-gcc, r-devel-windows-ix86+x86_64, r-patched-linux-x86_64, r-patched-solaris-x86, r-release-linux-x86_64, r-release-windows-ix86+x86_64, r-release-osx-x86_64, r-oldrel-windows-ix86+x86_64, r-oldrel-osx-x86_64