CRAN Package Check Results for Package functional

Last updated on 2019-06-18 01:48:36 CEST.

Flavor Version Tinstall Tcheck Ttotal Status Flags
r-devel-linux-x86_64-debian-clang 0.6 1.57 16.76 18.33 NOTE
r-devel-linux-x86_64-debian-gcc 0.6 1.23 13.59 14.82 NOTE
r-devel-linux-x86_64-fedora-clang 0.6 22.32 NOTE
r-devel-linux-x86_64-fedora-gcc 0.6 21.15 NOTE
r-devel-windows-ix86+x86_64 0.6 4.00 27.00 31.00 NOTE
r-patched-linux-x86_64 0.6 1.47 16.62 18.09 NOTE
r-patched-solaris-x86 0.6 35.00 NOTE
r-release-linux-x86_64 0.6 1.57 16.62 18.19 NOTE
r-release-windows-ix86+x86_64 0.6 3.00 43.00 46.00 NOTE
r-release-osx-x86_64 0.6 NOTE
r-oldrel-windows-ix86+x86_64 0.6 2.00 24.00 26.00 NOTE
r-oldrel-osx-x86_64 0.6 NOTE

Check Details

Version: 0.6
Check: DESCRIPTION meta-information
Result: NOTE
    Malformed Description field: should contain one or more complete sentences.
Flavors: r-devel-linux-x86_64-debian-clang, r-devel-linux-x86_64-debian-gcc, r-devel-linux-x86_64-fedora-clang, r-devel-linux-x86_64-fedora-gcc, r-devel-windows-ix86+x86_64, r-patched-linux-x86_64, r-patched-solaris-x86, r-release-linux-x86_64, r-release-windows-ix86+x86_64, r-release-osx-x86_64, r-oldrel-windows-ix86+x86_64, r-oldrel-osx-x86_64