CRAN Package Check Results for Package fungible

Last updated on 2019-06-18 01:48:36 CEST.

Flavor Version Tinstall Tcheck Ttotal Status Flags
r-devel-linux-x86_64-debian-clang 1.86 10.44 92.40 102.84 OK
r-devel-linux-x86_64-debian-gcc 1.86 8.14 71.72 79.86 OK
r-devel-linux-x86_64-fedora-clang 1.86 118.90 NOTE
r-devel-linux-x86_64-fedora-gcc 1.86 114.92 NOTE
r-devel-windows-ix86+x86_64 1.86 40.00 148.00 188.00 OK
r-patched-linux-x86_64 1.86 11.14 91.70 102.84 OK
r-patched-solaris-x86 1.86 168.20 NOTE
r-release-linux-x86_64 1.86 9.60 90.84 100.44 ERROR
r-release-windows-ix86+x86_64 1.86 16.00 112.00 128.00 OK
r-release-osx-x86_64 1.86 NOTE
r-oldrel-windows-ix86+x86_64 1.86 10.00 124.00 134.00 OK
r-oldrel-osx-x86_64 1.86 NOTE

Check Details

Version: 1.86
Check: data for non-ASCII characters
Result: NOTE
     Note: found 1 marked UTF-8 string
Flavors: r-devel-linux-x86_64-fedora-clang, r-devel-linux-x86_64-fedora-gcc, r-patched-solaris-x86, r-release-osx-x86_64, r-oldrel-osx-x86_64

Version: 1.86
Check: examples
Result: ERROR
    Running examples in ‘fungible-Ex.R’ failed
    The error most likely occurred in:
    
    > base::assign(".ptime", proc.time(), pos = "CheckExEnv")
    > ### Name: smoothBY
    > ### Title: Smooth an NPD R matrix to PD using the Bentler Yuan 2011 method
    > ### Aliases: smoothBY
    > ### Keywords: statistics
    >
    > ### ** Examples
    >
    >
    > data(BadRBY)
    >
    > out<-smoothBY(R = BadRBY, const = .98)
    Error in Rcsdp::csdp(C, A, opt, K, control = Rcsdp::csdp.control(printlevel = 0, :
     BLAS/LAPACK routine 'DTRTI2' gave error code -5
    Error: $ operator is invalid for atomic vectors
    Execution halted
Flavor: r-release-linux-x86_64