CRAN Package Check Results for Package gMCP

Last updated on 2019-06-18 01:48:37 CEST.

Flavor Version Tinstall Tcheck Ttotal Status Flags
r-devel-linux-x86_64-debian-clang 0.8-14 15.52 187.91 203.43 OK
r-devel-linux-x86_64-debian-gcc 0.8-14 12.96 149.16 162.12 OK
r-devel-linux-x86_64-fedora-clang 0.8-14 249.48 OK
r-devel-linux-x86_64-fedora-gcc 0.8-14 243.60 OK
r-devel-windows-ix86+x86_64 0.8-14 46.00 360.00 406.00 OK
r-patched-linux-x86_64 0.8-14 15.75 185.81 201.56 OK
r-patched-solaris-x86 0.8-14 336.30 OK
r-release-linux-x86_64 0.8-14 17.36 186.08 203.44 OK
r-release-windows-ix86+x86_64 0.8-14 35.00 326.00 361.00 OK
r-release-osx-x86_64 0.8-14 NOTE
r-oldrel-windows-ix86+x86_64 0.8-14 26.00 307.00 333.00 OK
r-oldrel-osx-x86_64 0.8-14 OK

Additional issues

LTO

Check Details

Version: 0.8-14
Check: package dependencies
Result: NOTE
    Packages suggested but not available for checking: 'graph', 'mutoss'
Flavor: r-release-osx-x86_64