CRAN Package Check Results for Package gWidgetsRGtk2

Last updated on 2019-06-18 01:48:38 CEST.

Flavor Version Tinstall Tcheck Ttotal Status Flags
r-devel-linux-x86_64-debian-clang 0.0-86 37.49 81.60 119.09 NOTE
r-devel-linux-x86_64-debian-gcc 0.0-86 32.50 66.67 99.17 NOTE
r-devel-linux-x86_64-fedora-clang 0.0-86 145.11 NOTE
r-devel-linux-x86_64-fedora-gcc 0.0-86 140.09 NOTE
r-devel-windows-ix86+x86_64 0.0-86 72.00 85.00 157.00 OK
r-patched-linux-x86_64 0.0-86 35.27 81.39 116.66 NOTE
r-patched-solaris-x86 0.0-86 211.60 NOTE
r-release-linux-x86_64 0.0-86 34.26 81.27 115.53 NOTE
r-release-windows-ix86+x86_64 0.0-86 51.00 114.00 165.00 OK
r-release-osx-x86_64 0.0-86 NOTE
r-oldrel-windows-ix86+x86_64 0.0-86 54.00 108.00 162.00 OK
r-oldrel-osx-x86_64 0.0-86 NOTE

Check Details

Version: 0.0-86
Check: package dependencies
Result: NOTE
    Package which this enhances but not available for checking: 'RGtk2Extras'
Flavors: r-devel-linux-x86_64-debian-clang, r-devel-linux-x86_64-debian-gcc, r-devel-linux-x86_64-fedora-clang, r-devel-linux-x86_64-fedora-gcc, r-patched-linux-x86_64, r-patched-solaris-x86, r-release-linux-x86_64, r-release-osx-x86_64, r-oldrel-osx-x86_64