CRAN Package Check Results for Package gdtools

Last updated on 2019-06-18 01:48:36 CEST.

Flavor Version Tinstall Tcheck Ttotal Status Flags
r-devel-linux-x86_64-debian-clang 0.1.8 47.50 23.61 71.11 NOTE
r-devel-linux-x86_64-debian-gcc 0.1.8 34.74 19.46 54.20 NOTE
r-devel-linux-x86_64-fedora-clang 0.1.8 110.20 NOTE
r-devel-linux-x86_64-fedora-gcc 0.1.8 94.36 NOTE
r-devel-windows-ix86+x86_64 0.1.8 143.00 88.00 231.00 NOTE
r-patched-linux-x86_64 0.1.8 45.01 23.85 68.86 OK
r-patched-solaris-x86 0.1.8 102.30 OK
r-release-linux-x86_64 0.1.8 44.71 23.93 68.64 OK
r-release-windows-ix86+x86_64 0.1.8 101.00 112.00 213.00 NOTE
r-release-osx-x86_64 0.1.8 OK
r-oldrel-windows-ix86+x86_64 0.1.8 104.00 108.00 212.00 NOTE
r-oldrel-osx-x86_64 0.1.8 OK

Check Details

Version: 0.1.8
Check: for non-standard things in the check directory
Result: NOTE
    Found the following files/directories:
     'raster.png'
Flavors: r-devel-linux-x86_64-debian-clang, r-devel-linux-x86_64-debian-gcc, r-devel-linux-x86_64-fedora-clang, r-devel-linux-x86_64-fedora-gcc

Version: 0.1.8
Check: installed package size
Result: NOTE
     installed size is 9.9Mb
     sub-directories of 1Mb or more:
     libs 9.8Mb
Flavors: r-devel-windows-ix86+x86_64, r-release-windows-ix86+x86_64, r-oldrel-windows-ix86+x86_64