Last updated on 2019-06-18 01:48:37 CEST.
Flavor | Version | Tinstall | Tcheck | Ttotal | Status | Flags |
---|---|---|---|---|---|---|
r-devel-linux-x86_64-debian-clang | 0.1.10 | 7.24 | 83.39 | 90.63 | OK | |
r-devel-linux-x86_64-debian-gcc | 0.1.10 | 5.67 | 65.17 | 70.84 | OK | |
r-devel-linux-x86_64-fedora-clang | 0.1.10 | 108.20 | NOTE | |||
r-devel-linux-x86_64-fedora-gcc | 0.1.10 | 103.79 | NOTE | |||
r-devel-windows-ix86+x86_64 | 0.1.10 | 27.00 | 136.00 | 163.00 | OK | |
r-patched-linux-x86_64 | 0.1.10 | 6.35 | 79.80 | 86.15 | OK | |
r-patched-solaris-x86 | 0.1.10 | 181.60 | NOTE | |||
r-release-linux-x86_64 | 0.1.10 | 6.94 | 80.73 | 87.67 | OK | |
r-release-windows-ix86+x86_64 | 0.1.10 | 18.00 | 132.00 | 150.00 | OK | |
r-release-osx-x86_64 | 0.1.10 | NOTE | ||||
r-oldrel-windows-ix86+x86_64 | 0.1.10 | 13.00 | 131.00 | 144.00 | OK | |
r-oldrel-osx-x86_64 | 0.1.10 | NOTE |
Version: 0.1.10
Check: data for non-ASCII characters
Result: NOTE
Note: found 217 marked UTF-8 strings
Flavors: r-devel-linux-x86_64-fedora-clang, r-devel-linux-x86_64-fedora-gcc, r-patched-solaris-x86, r-release-osx-x86_64, r-oldrel-osx-x86_64