Last updated on 2019-06-18 01:48:37 CEST.
Flavor | Version | Tinstall | Tcheck | Ttotal | Status | Flags |
---|---|---|---|---|---|---|
r-devel-linux-x86_64-debian-clang | 1.5.3 | 12.26 | 84.85 | 97.11 | NOTE | |
r-devel-linux-x86_64-debian-gcc | 1.5.3 | 11.62 | 68.07 | 79.69 | NOTE | |
r-devel-linux-x86_64-fedora-clang | 1.5.3 | 117.99 | NOTE | |||
r-devel-linux-x86_64-fedora-gcc | 1.5.3 | 113.55 | NOTE | |||
r-devel-windows-ix86+x86_64 | 1.5.3 | 29.00 | 95.00 | 124.00 | OK | |
r-patched-linux-x86_64 | 1.5.3 | 11.49 | 83.10 | 94.59 | OK | |
r-patched-solaris-x86 | 1.5.3 | 184.20 | OK | |||
r-release-linux-x86_64 | 1.5.3 | 11.55 | 84.12 | 95.67 | OK | |
r-release-windows-ix86+x86_64 | 1.5.3 | 23.00 | 119.00 | 142.00 | OK | |
r-release-osx-x86_64 | 1.5.3 | OK | ||||
r-oldrel-windows-ix86+x86_64 | 1.5.3 | 14.00 | 114.00 | 128.00 | OK | |
r-oldrel-osx-x86_64 | 1.5.3 | OK |
Version: 1.5.3
Check: for non-standard things in the check directory
Result: NOTE
Found the following files/directories:
'temporary'
Flavors: r-devel-linux-x86_64-debian-clang, r-devel-linux-x86_64-debian-gcc, r-devel-linux-x86_64-fedora-clang, r-devel-linux-x86_64-fedora-gcc