Last updated on 2019-06-18 01:48:37 CEST.
Flavor | Version | Tinstall | Tcheck | Ttotal | Status | Flags |
---|---|---|---|---|---|---|
r-devel-linux-x86_64-debian-clang | 1.0.0 | 15.97 | 571.13 | 587.10 | OK | |
r-devel-linux-x86_64-debian-gcc | 1.0.0 | 14.25 | 444.17 | 458.42 | OK | |
r-devel-linux-x86_64-fedora-clang | 1.0.0 | 681.21 | NOTE | |||
r-devel-linux-x86_64-fedora-gcc | 1.0.0 | 670.07 | NOTE | |||
r-devel-windows-ix86+x86_64 | 1.0.0 | 53.00 | 778.00 | 831.00 | OK | |
r-patched-linux-x86_64 | 1.0.0 | 16.34 | 569.76 | 586.10 | OK | |
r-patched-solaris-x86 | 1.0.0 | 891.80 | NOTE | |||
r-release-linux-x86_64 | 1.0.0 | 16.50 | 572.64 | 589.14 | OK | |
r-release-windows-ix86+x86_64 | 1.0.0 | 40.00 | 766.00 | 806.00 | OK | |
r-release-osx-x86_64 | 1.0.0 | NOTE | ||||
r-oldrel-windows-ix86+x86_64 | 1.0.0 | 23.00 | 836.00 | 859.00 | OK | |
r-oldrel-osx-x86_64 | 1.0.0 | NOTE |
Version: 1.0.0
Check: dependencies in R code
Result: NOTE
Namespaces in Imports field not imported from:
‘ggplot2’ ‘utils’
All declared Imports should be used.
Flavors: r-devel-linux-x86_64-fedora-clang, r-devel-linux-x86_64-fedora-gcc, r-patched-solaris-x86, r-release-osx-x86_64, r-oldrel-osx-x86_64