Last updated on 2019-06-18 01:48:37 CEST.
Flavor | Version | Tinstall | Tcheck | Ttotal | Status | Flags |
---|---|---|---|---|---|---|
r-devel-linux-x86_64-debian-clang | 1.0-0 | 5.11 | 37.86 | 42.97 | OK | |
r-devel-linux-x86_64-debian-gcc | 1.0-0 | 4.08 | 31.46 | 35.54 | OK | |
r-devel-linux-x86_64-fedora-clang | 1.0-0 | 53.25 | OK | |||
r-devel-linux-x86_64-fedora-gcc | 1.0-0 | 51.70 | OK | |||
r-devel-windows-ix86+x86_64 | 1.0-0 | 11.00 | 47.00 | 58.00 | OK | |
r-patched-linux-x86_64 | 1.0-0 | 4.49 | 38.95 | 43.44 | OK | |
r-patched-solaris-x86 | 1.0-0 | 77.40 | WARN | |||
r-release-linux-x86_64 | 1.0-0 | 5.21 | 39.20 | 44.41 | OK | |
r-release-windows-ix86+x86_64 | 1.0-0 | 7.00 | 46.00 | 53.00 | OK | |
r-release-osx-x86_64 | 1.0-0 | OK | ||||
r-oldrel-windows-ix86+x86_64 | 1.0-0 | 5.00 | 44.00 | 49.00 | OK | |
r-oldrel-osx-x86_64 | 1.0-0 | OK |
Version: 1.0-0
Check: for code/documentation mismatches
Result: WARN
XIO: fatal IO error 146 (Connection refused) on X server ":5.0"
after 0 requests (0 known processed) with 0 events remaining.
Flavor: r-patched-solaris-x86