CRAN Package Check Results for Package ggfan

Last updated on 2019-06-18 01:48:37 CEST.

Flavor Version Tinstall Tcheck Ttotal Status Flags
r-devel-linux-x86_64-debian-clang 0.1.3 7.07 81.61 88.68 OK
r-devel-linux-x86_64-debian-gcc 0.1.3 6.96 68.87 75.83 OK
r-devel-linux-x86_64-fedora-clang 0.1.3 104.36 NOTE
r-devel-linux-x86_64-fedora-gcc 0.1.3 98.80 NOTE
r-devel-windows-ix86+x86_64 0.1.3 23.00 129.00 152.00 OK
r-patched-linux-x86_64 0.1.3 8.29 88.98 97.27 OK
r-patched-solaris-x86 0.1.3 152.60 NOTE
r-release-linux-x86_64 0.1.3 7.21 80.18 87.39 OK
r-release-windows-ix86+x86_64 0.1.3 13.00 127.00 140.00 OK
r-release-osx-x86_64 0.1.3 NOTE
r-oldrel-windows-ix86+x86_64 0.1.3 9.00 138.00 147.00 OK
r-oldrel-osx-x86_64 0.1.3 NOTE

Check Details

Version: 0.1.3
Check: dependencies in R code
Result: NOTE
    Namespaces in Imports field not imported from:
     ‘colorspace’ ‘grid’ ‘rstan’
     All declared Imports should be used.
Flavors: r-devel-linux-x86_64-fedora-clang, r-devel-linux-x86_64-fedora-gcc, r-patched-solaris-x86, r-release-osx-x86_64, r-oldrel-osx-x86_64