Last updated on 2019-06-18 01:48:37 CEST.
Flavor | Version | Tinstall | Tcheck | Ttotal | Status | Flags |
---|---|---|---|---|---|---|
r-devel-linux-x86_64-debian-clang | 4.2.0 | 8.84 | 87.36 | 96.20 | OK | |
r-devel-linux-x86_64-debian-gcc | 4.2.0 | 6.39 | 66.51 | 72.90 | OK | |
r-devel-linux-x86_64-fedora-clang | 4.2.0 | 109.11 | NOTE | |||
r-devel-linux-x86_64-fedora-gcc | 4.2.0 | 104.22 | NOTE | |||
r-devel-windows-ix86+x86_64 | 4.2.0 | 25.00 | 144.00 | 169.00 | OK | |
r-patched-linux-x86_64 | 4.2.0 | 7.50 | 83.50 | 91.00 | OK | |
r-patched-solaris-x86 | 4.2.0 | 159.50 | NOTE | |||
r-release-linux-x86_64 | 4.2.0 | 7.08 | 84.71 | 91.79 | OK | |
r-release-windows-ix86+x86_64 | 4.2.0 | 17.00 | 155.00 | 172.00 | OK | |
r-release-osx-x86_64 | 4.2.0 | NOTE | ||||
r-oldrel-windows-ix86+x86_64 | 4.2.0 | 10.00 | 136.00 | 146.00 | OK | |
r-oldrel-osx-x86_64 | 4.2.0 | NOTE |
Version: 4.2.0
Check: data for non-ASCII characters
Result: NOTE
Note: found 138 marked UTF-8 strings
Flavors: r-devel-linux-x86_64-fedora-clang, r-devel-linux-x86_64-fedora-gcc, r-patched-solaris-x86, r-release-osx-x86_64, r-oldrel-osx-x86_64