CRAN Package Check Results for Package glmmfields

Last updated on 2019-06-18 01:48:37 CEST.

Flavor Version Tinstall Tcheck Ttotal Status Flags
r-devel-linux-x86_64-debian-clang 0.1.3 133.12 87.22 220.34 NOTE
r-devel-linux-x86_64-debian-gcc 0.1.3 138.85 71.54 210.39 NOTE
r-devel-linux-x86_64-fedora-clang 0.1.3 310.44 NOTE
r-devel-linux-x86_64-fedora-gcc 0.1.3 295.59 NOTE
r-devel-windows-ix86+x86_64 0.1.3 298.00 209.00 507.00 NOTE
r-patched-linux-x86_64 0.1.3 140.19 88.57 228.76 NOTE
r-patched-solaris-x86 0.1.3 324.70 NOTE
r-release-linux-x86_64 0.1.3 146.57 89.24 235.81 NOTE
r-release-windows-ix86+x86_64 0.1.3 230.00 229.00 459.00 NOTE
r-release-osx-x86_64 0.1.3 NOTE
r-oldrel-windows-ix86+x86_64 0.1.3 223.00 217.00 440.00 NOTE
r-oldrel-osx-x86_64 0.1.3 NOTE

Check Details

Version: 0.1.3
Check: for GNU extensions in Makefiles
Result: NOTE
    GNU make is a SystemRequirements.
Flavors: r-devel-linux-x86_64-debian-clang, r-devel-linux-x86_64-debian-gcc, r-devel-linux-x86_64-fedora-clang, r-devel-linux-x86_64-fedora-gcc, r-devel-windows-ix86+x86_64, r-patched-linux-x86_64, r-patched-solaris-x86, r-release-linux-x86_64, r-release-windows-ix86+x86_64, r-release-osx-x86_64, r-oldrel-windows-ix86+x86_64, r-oldrel-osx-x86_64

Version: 0.1.3
Check: installed package size
Result: NOTE
     installed size is 36.9Mb
     sub-directories of 1Mb or more:
     libs 36.2Mb
Flavors: r-devel-linux-x86_64-fedora-clang, r-release-osx-x86_64, r-oldrel-osx-x86_64