CRAN Package Check Results for Package glmnet

Last updated on 2019-06-18 01:48:37 CEST.

Flavor Version Tinstall Tcheck Ttotal Status Flags
r-devel-linux-x86_64-debian-clang 2.0-18 25.53 111.50 137.03 OK
r-devel-linux-x86_64-debian-gcc 2.0-18 21.32 87.75 109.07 OK
r-devel-linux-x86_64-fedora-clang 2.0-18 169.17 OK
r-devel-linux-x86_64-fedora-gcc 2.0-18 166.08 OK
r-devel-windows-ix86+x86_64 2.0-18 87.00 199.00 286.00 OK
r-patched-linux-x86_64 2.0-18 24.60 110.15 134.75 OK
r-patched-solaris-x86 2.0-18 207.30 ERROR
r-release-linux-x86_64 2.0-18 25.14 109.70 134.84 OK
r-release-windows-ix86+x86_64 2.0-18 51.00 206.00 257.00 OK
r-release-osx-x86_64 2.0-18 OK
r-oldrel-windows-ix86+x86_64 2.0-18 48.00 180.00 228.00 OK
r-oldrel-osx-x86_64 2.0-18 OK

Check Details

Version: 2.0-18
Check: examples
Result: ERROR
    Running examples in ‘glmnet-Ex.R’ failed
    The error most likely occurred in:
    
    > ### Name: plot.cv.glmnet
    > ### Title: plot the cross-validation curve produced by cv.glmnet
    > ### Aliases: plot.cv.glmnet
    > ### Keywords: models regression
    >
    > ### ** Examples
    >
    > set.seed(1010)
    > n=1000;p=100
    > nzc=trunc(p/10)
    > x=matrix(rnorm(n*p),n,p)
    > beta=rnorm(nzc)
    > fx= (x[,seq(nzc)] %*% beta)
    > eps=rnorm(n)*5
    > y=drop(fx+eps)
    > px=exp(fx)
    > px=px/(1+px)
    > ly=rbinom(n=length(px),prob=px,size=1)
    > cvob1=cv.glmnet(x,y)
    Error in intI(j, n = x@Dim[2], dn[[2]], give.dn = FALSE) :
     'NA' indices are not (yet?) supported for sparse Matrices
    Calls: cv.glmnet ... NextMethod -> predict.glmnet -> [ -> [ -> subCsp_cols -> intI
    Execution halted
Flavor: r-patched-solaris-x86