CRAN Package Check Results for Package gpDDE

Last updated on 2019-06-18 01:48:38 CEST.

Flavor Version Tinstall Tcheck Ttotal Status Flags
r-devel-linux-x86_64-debian-clang 0.8.2 14.25 86.44 100.69 NOTE
r-devel-linux-x86_64-debian-gcc 0.8.2 11.39 68.96 80.35 NOTE
r-devel-linux-x86_64-fedora-clang 0.8.2 119.58 NOTE
r-devel-linux-x86_64-fedora-gcc 0.8.2 117.61 NOTE
r-devel-windows-ix86+x86_64 0.8.2 32.00 93.00 125.00 NOTE
r-patched-linux-x86_64 0.8.2 12.79 86.06 98.85 NOTE
r-patched-solaris-x86 0.8.2 177.10 NOTE
r-release-linux-x86_64 0.8.2 13.53 87.14 100.67 NOTE
r-release-windows-ix86+x86_64 0.8.2 25.00 123.00 148.00 NOTE
r-release-osx-x86_64 0.8.2 NOTE
r-oldrel-windows-ix86+x86_64 0.8.2 14.00 132.00 146.00 NOTE
r-oldrel-osx-x86_64 0.8.2 OK

Check Details

Version: 0.8.2
Check: dependencies in R code
Result: NOTE
    Missing or unexported object: 'TSA::tsdiag.Arima'
Flavors: r-devel-linux-x86_64-debian-clang, r-devel-linux-x86_64-debian-gcc, r-devel-linux-x86_64-fedora-clang, r-devel-linux-x86_64-fedora-gcc, r-devel-windows-ix86+x86_64, r-patched-linux-x86_64, r-patched-solaris-x86, r-release-linux-x86_64, r-release-windows-ix86+x86_64, r-release-osx-x86_64, r-oldrel-windows-ix86+x86_64