CRAN Package Check Results for Package highriskzone

Last updated on 2019-06-18 01:48:39 CEST.

Flavor Version Tinstall Tcheck Ttotal Status Flags
r-devel-linux-x86_64-debian-clang 1.4.5 9.66 102.11 111.77 NOTE
r-devel-linux-x86_64-debian-gcc 1.4.5 8.76 82.20 90.96 NOTE
r-devel-linux-x86_64-fedora-clang 1.4.5 134.94 OK
r-devel-linux-x86_64-fedora-gcc 1.4.5 130.54 OK
r-devel-windows-ix86+x86_64 1.4.5 33.00 119.00 152.00 OK
r-patched-linux-x86_64 1.4.5 11.03 101.66 112.69 NOTE
r-patched-solaris-x86 1.4.5 254.10 NOTE
r-release-linux-x86_64 1.4.5 9.42 102.05 111.47 NOTE
r-release-windows-ix86+x86_64 1.4.5 23.00 158.00 181.00 OK
r-release-osx-x86_64 1.4.5 NOTE
r-oldrel-windows-ix86+x86_64 1.4.5 13.00 151.00 164.00 OK
r-oldrel-osx-x86_64 1.4.5 NOTE

Check Details

Version: 1.4.5
Check: package dependencies
Result: NOTE
    Package suggested but not available for checking: 'INLA'
Flavors: r-devel-linux-x86_64-debian-clang, r-devel-linux-x86_64-debian-gcc, r-patched-linux-x86_64, r-patched-solaris-x86, r-release-linux-x86_64, r-release-osx-x86_64, r-oldrel-osx-x86_64