Last updated on 2019-06-18 01:48:39 CEST.
Flavor | Version | Tinstall | Tcheck | Ttotal | Status | Flags |
---|---|---|---|---|---|---|
r-devel-linux-x86_64-debian-clang | 0.9.4-2 | 22.66 | 202.02 | 224.68 | OK | |
r-devel-linux-x86_64-debian-gcc | 0.9.4-2 | 20.81 | 161.51 | 182.32 | OK | |
r-devel-linux-x86_64-fedora-clang | 0.9.4-2 | 269.64 | NOTE | |||
r-devel-linux-x86_64-fedora-gcc | 0.9.4-2 | 260.08 | NOTE | |||
r-devel-windows-ix86+x86_64 | 0.9.4-2 | 60.00 | 288.00 | 348.00 | OK | |
r-patched-linux-x86_64 | 0.9.4-2 | 24.42 | 198.69 | 223.11 | OK | |
r-patched-solaris-x86 | 0.9.4-2 | 4.30 | ERROR | |||
r-release-linux-x86_64 | 0.9.4-2 | 22.35 | 198.90 | 221.25 | OK | |
r-release-windows-ix86+x86_64 | 0.9.4-2 | 47.00 | 283.00 | 330.00 | OK | |
r-release-osx-x86_64 | 0.9.4-2 | ERROR | ||||
r-oldrel-windows-ix86+x86_64 | 0.9.4-2 | 26.00 | 262.00 | 288.00 | OK | |
r-oldrel-osx-x86_64 | 0.9.4-2 | ERROR |
Version: 0.9.4-2
Check: dependencies in R code
Result: NOTE
Namespaces in Imports field not imported from:
‘knitr’ ‘rmarkdown’
All declared Imports should be used.
Flavors: r-devel-linux-x86_64-fedora-clang, r-devel-linux-x86_64-fedora-gcc
Version: 0.9.4-2
Check: package dependencies
Result: ERROR
Package required but not available: ‘bamsignals’
See section ‘The DESCRIPTION file’ in the ‘Writing R Extensions’
manual.
Flavor: r-patched-solaris-x86
Version: 0.9.4-2
Check: package dependencies
Result: ERROR
Packages required but not available:
'bamsignals', 'Biostrings', 'GenomicRanges',
'GenomicTools.fileHandler', 'IRanges', 'Rsamtools', 'S4Vectors'
See section ‘The DESCRIPTION file’ in the ‘Writing R Extensions’
manual.
Flavor: r-release-osx-x86_64
Version: 0.9.4-2
Check: package dependencies
Result: ERROR
Package required but not available: ‘Rsamtools’
See section ‘The DESCRIPTION file’ in the ‘Writing R Extensions’
manual.
Flavor: r-oldrel-osx-x86_64