CRAN Package Check Results for Package hsdar

Last updated on 2019-06-18 01:48:39 CEST.

Flavor Version Tinstall Tcheck Ttotal Status Flags
r-devel-linux-x86_64-debian-clang 1.0.0 54.34 283.72 338.06 OK
r-devel-linux-x86_64-debian-gcc 1.0.0 48.78 214.98 263.76 OK
r-devel-linux-x86_64-fedora-clang 1.0.0 403.99 NOTE
r-devel-linux-x86_64-fedora-gcc 1.0.0 392.02 OK
r-devel-windows-ix86+x86_64 1.0.0 168.00 412.00 580.00 NOTE
r-patched-linux-x86_64 1.0.0 51.98 274.76 326.74 OK
r-patched-solaris-x86 1.0.0 588.40 NOTE
r-release-linux-x86_64 1.0.0 54.07 278.96 333.03 OK
r-release-windows-ix86+x86_64 1.0.0 120.00 506.00 626.00 NOTE
r-release-osx-x86_64 1.0.0 NOTE
r-oldrel-windows-ix86+x86_64 1.0.0 85.00 493.00 578.00 NOTE
r-oldrel-osx-x86_64 1.0.0 NOTE

Check Details

Version: 1.0.0
Check: installed package size
Result: NOTE
     installed size is 6.0Mb
     sub-directories of 1Mb or more:
     R 1.8Mb
     doc 2.5Mb
Flavors: r-devel-linux-x86_64-fedora-clang, r-devel-windows-ix86+x86_64, r-patched-solaris-x86, r-release-windows-ix86+x86_64, r-release-osx-x86_64, r-oldrel-windows-ix86+x86_64, r-oldrel-osx-x86_64