Last updated on 2019-06-18 01:48:39 CEST.
Flavor | Version | Tinstall | Tcheck | Ttotal | Status | Flags |
---|---|---|---|---|---|---|
r-devel-linux-x86_64-debian-clang | 1.5.1 | 213.68 | 32.59 | 246.27 | NOTE | |
r-devel-linux-x86_64-debian-gcc | 1.5.1 | 167.49 | 27.07 | 194.56 | NOTE | |
r-devel-linux-x86_64-fedora-clang | 1.5.1 | 374.37 | NOTE | |||
r-devel-linux-x86_64-fedora-gcc | 1.5.1 | 335.29 | NOTE | |||
r-devel-windows-ix86+x86_64 | 1.5.1 | 627.00 | 76.00 | 703.00 | NOTE | |
r-patched-linux-x86_64 | 1.5.1 | 200.89 | 33.08 | 233.97 | NOTE | |
r-patched-solaris-x86 | 1.5.1 | 325.50 | NOTE | |||
r-release-linux-x86_64 | 1.5.1 | 193.63 | 33.14 | 226.77 | NOTE | |
r-release-windows-ix86+x86_64 | 1.5.1 | 475.00 | 102.00 | 577.00 | NOTE | |
r-release-osx-x86_64 | 1.5.1 | NOTE | ||||
r-oldrel-windows-ix86+x86_64 | 1.5.1 | 455.00 | 96.00 | 551.00 | NOTE | |
r-oldrel-osx-x86_64 | 1.5.1 | NOTE |
Version: 1.5.1
Check: for GNU extensions in Makefiles
Result: NOTE
GNU make is a SystemRequirements.
Flavors: r-devel-linux-x86_64-debian-clang, r-devel-linux-x86_64-debian-gcc, r-devel-linux-x86_64-fedora-clang, r-devel-linux-x86_64-fedora-gcc, r-devel-windows-ix86+x86_64, r-patched-linux-x86_64, r-patched-solaris-x86, r-release-linux-x86_64, r-release-windows-ix86+x86_64, r-release-osx-x86_64, r-oldrel-windows-ix86+x86_64, r-oldrel-osx-x86_64
Version: 1.5.1
Check: installed package size
Result: NOTE
installed size is 8.7Mb
sub-directories of 1Mb or more:
libs 8.4Mb
Flavors: r-devel-linux-x86_64-fedora-clang, r-release-osx-x86_64, r-oldrel-osx-x86_64