CRAN Package Check Results for Package ibd

Last updated on 2019-06-18 01:48:39 CEST.

Flavor Version Tinstall Tcheck Ttotal Status Flags
r-devel-linux-x86_64-debian-clang 1.5 10.98 80.43 91.41 OK
r-devel-linux-x86_64-debian-gcc 1.5 8.63 63.84 72.47 OK
r-devel-linux-x86_64-fedora-clang 1.5 112.39 OK
r-devel-linux-x86_64-fedora-gcc 1.5 107.19 OK
r-devel-windows-ix86+x86_64 1.5 34.00 134.00 168.00 OK
r-patched-linux-x86_64 1.5 10.54 78.84 89.38 OK
r-patched-solaris-x86 1.5 184.30 WARN
r-release-linux-x86_64 1.5 11.89 80.47 92.36 OK
r-release-windows-ix86+x86_64 1.5 21.00 99.00 120.00 OK
r-release-osx-x86_64 1.5 OK
r-oldrel-windows-ix86+x86_64 1.5 15.00 116.00 131.00 OK
r-oldrel-osx-x86_64 1.5 OK

Check Details

Version: 1.5
Check: replacement functions
Result: WARN
    XIO: fatal IO error 146 (Connection refused) on X server ":5.0"
     after 0 requests (0 known processed) with 0 events remaining.
    The argument of a replacement function which corresponds to the right
    hand side must be named ‘value’.
Flavor: r-patched-solaris-x86