Last updated on 2019-06-18 01:48:39 CEST.
Flavor | Version | Tinstall | Tcheck | Ttotal | Status | Flags |
---|---|---|---|---|---|---|
r-devel-linux-x86_64-debian-clang | 2.0.10 | 61.91 | 171.45 | 233.36 | OK | |
r-devel-linux-x86_64-debian-gcc | 2.0.10 | 56.56 | 129.74 | 186.30 | OK | |
r-devel-linux-x86_64-fedora-clang | 2.0.10 | 317.87 | NOTE | |||
r-devel-linux-x86_64-fedora-gcc | 2.0.10 | 302.63 | OK | |||
r-devel-windows-ix86+x86_64 | 2.0.10 | 136.00 | 305.00 | 441.00 | OK | |
r-patched-linux-x86_64 | 2.0.10 | 60.34 | 171.52 | 231.86 | OK | |
r-patched-solaris-x86 | 2.0.10 | 368.60 | OK | |||
r-release-linux-x86_64 | 2.0.10 | 59.36 | 171.30 | 230.66 | OK | |
r-release-windows-ix86+x86_64 | 2.0.10 | 110.00 | 329.00 | 439.00 | OK | |
r-release-osx-x86_64 | 2.0.10 | NOTE | ||||
r-oldrel-windows-ix86+x86_64 | 2.0.10 | 95.00 | 340.00 | 435.00 | OK | |
r-oldrel-osx-x86_64 | 2.0.10 | NOTE |
Version: 2.0.10
Check: installed package size
Result: NOTE
installed size is 14.9Mb
sub-directories of 1Mb or more:
libs 13.6Mb
Flavors: r-devel-linux-x86_64-fedora-clang, r-release-osx-x86_64, r-oldrel-osx-x86_64