Last updated on 2019-06-18 01:48:39 CEST.
Flavor | Version | Tinstall | Tcheck | Ttotal | Status | Flags |
---|---|---|---|---|---|---|
r-devel-linux-x86_64-debian-clang | 1.3.2 | 74.44 | 63.38 | 137.82 | OK | |
r-devel-linux-x86_64-debian-gcc | 1.3.2 | 56.54 | 51.05 | 107.59 | OK | |
r-devel-linux-x86_64-fedora-clang | 1.3.2 | 206.19 | OK | |||
r-devel-linux-x86_64-fedora-gcc | 1.3.2 | 182.65 | OK | |||
r-devel-windows-ix86+x86_64 | 1.3.2 | 196.00 | 179.00 | 375.00 | OK | |
r-patched-linux-x86_64 | 1.3.2 | 69.94 | 63.93 | 133.87 | OK | |
r-patched-solaris-x86 | 1.3.2 | 228.70 | NOTE | |||
r-release-linux-x86_64 | 1.3.2 | 68.69 | 64.58 | 133.27 | OK | |
r-release-windows-ix86+x86_64 | 1.3.2 | 153.00 | 167.00 | 320.00 | OK | |
r-release-osx-x86_64 | 1.3.2 | OK | ||||
r-oldrel-windows-ix86+x86_64 | 1.3.2 | 135.00 | 172.00 | 307.00 | OK | |
r-oldrel-osx-x86_64 | 1.3.2 | OK |
Version: 1.3.2
Check: package dependencies
Result: NOTE
Package suggested but not available for checking: ‘tesseract’
Flavor: r-patched-solaris-x86