Last updated on 2019-06-18 01:48:40 CEST.
Flavor | Version | Tinstall | Tcheck | Ttotal | Status | Flags |
---|---|---|---|---|---|---|
r-devel-linux-x86_64-debian-clang | 0.1.2 | 9.12 | 30.91 | 40.03 | OK | |
r-devel-linux-x86_64-debian-gcc | 0.1.2 | 7.23 | 25.86 | 33.09 | OK | |
r-devel-linux-x86_64-fedora-clang | 0.1.2 | 49.62 | OK | |||
r-devel-linux-x86_64-fedora-gcc | 0.1.2 | 48.01 | OK | |||
r-devel-windows-ix86+x86_64 | 0.1.2 | 18.00 | 88.00 | 106.00 | OK | |
r-patched-linux-x86_64 | 0.1.2 | 8.29 | 31.45 | 39.74 | OK | |
r-patched-solaris-x86 | 0.1.2 | 121.70 | NOTE | |||
r-release-linux-x86_64 | 0.1.2 | 7.79 | 31.42 | 39.21 | OK | |
r-release-windows-ix86+x86_64 | 0.1.2 | 14.00 | 80.00 | 94.00 | OK | |
r-release-osx-x86_64 | 0.1.2 | OK | ||||
r-oldrel-windows-ix86+x86_64 | 0.1.2 | 10.00 | 87.00 | 97.00 | OK | |
r-oldrel-osx-x86_64 | 0.1.2 | OK |
Version: 0.1.2
Check: package dependencies
Result: NOTE
Package suggested but not available for checking: ‘redux’
Flavor: r-patched-solaris-x86