Last updated on 2019-06-18 01:48:40 CEST.
Flavor | Version | Tinstall | Tcheck | Ttotal | Status | Flags |
---|---|---|---|---|---|---|
r-devel-linux-x86_64-debian-clang | 0.2-7 | 12.82 | 177.05 | 189.87 | OK | |
r-devel-linux-x86_64-debian-gcc | 0.2-7 | 9.58 | 141.42 | 151.00 | OK | |
r-devel-linux-x86_64-fedora-clang | 0.2-7 | 223.69 | OK | |||
r-devel-linux-x86_64-fedora-gcc | 0.2-7 | 219.09 | OK | |||
r-devel-windows-ix86+x86_64 | 0.2-7 | 31.00 | 247.00 | 278.00 | OK | |
r-patched-linux-x86_64 | 0.2-7 | 11.63 | 174.68 | 186.31 | OK | |
r-patched-solaris-x86 | 0.2-7 | 380.90 | OK | |||
r-release-linux-x86_64 | 0.2-7 | 14.74 | 173.58 | 188.32 | OK | |
r-release-windows-ix86+x86_64 | 0.2-7 | 24.00 | 239.00 | 263.00 | OK | |
r-release-osx-x86_64 | 0.2-7 | FAIL | ||||
r-oldrel-windows-ix86+x86_64 | 0.2-7 | 11.00 | 228.00 | 239.00 | OK | |
r-oldrel-osx-x86_64 | 0.2-7 | OK |
Version: 0.2-7
Check: re-building of vignette outputs
Result: FAIL
Flavor: r-release-osx-x86_64