Last updated on 2019-06-18 01:48:40 CEST.
Flavor | Version | Tinstall | Tcheck | Ttotal | Status | Flags |
---|---|---|---|---|---|---|
r-devel-linux-x86_64-debian-clang | 0.1.5 | 2.57 | 20.87 | 23.44 | OK | |
r-devel-linux-x86_64-debian-gcc | 0.1.5 | 2.42 | 16.88 | 19.30 | OK | |
r-devel-linux-x86_64-fedora-clang | 0.1.5 | 29.49 | NOTE | |||
r-devel-linux-x86_64-fedora-gcc | 0.1.5 | 27.80 | NOTE | |||
r-devel-windows-ix86+x86_64 | 0.1.5 | 7.00 | 35.00 | 42.00 | OK | |
r-patched-linux-x86_64 | 0.1.5 | 2.64 | 20.81 | 23.45 | OK | |
r-patched-solaris-x86 | 0.1.5 | 45.50 | NOTE | |||
r-release-linux-x86_64 | 0.1.5 | 2.61 | 20.96 | 23.57 | OK | |
r-release-windows-ix86+x86_64 | 0.1.5 | 6.00 | 43.00 | 49.00 | OK | |
r-release-osx-x86_64 | 0.1.5 | NOTE | ||||
r-oldrel-windows-ix86+x86_64 | 0.1.5 | 4.00 | 44.00 | 48.00 | OK | |
r-oldrel-osx-x86_64 | 0.1.5 | NOTE |
Version: 0.1.5
Check: data for non-ASCII characters
Result: NOTE
Note: found 1 marked UTF-8 string
Flavors: r-devel-linux-x86_64-fedora-clang, r-devel-linux-x86_64-fedora-gcc, r-patched-solaris-x86, r-release-osx-x86_64, r-oldrel-osx-x86_64