Last updated on 2019-06-18 01:48:40 CEST.
Flavor | Version | Tinstall | Tcheck | Ttotal | Status | Flags |
---|---|---|---|---|---|---|
r-devel-linux-x86_64-debian-clang | 0.10.99 | 61.70 | 54.48 | 116.18 | OK | |
r-devel-linux-x86_64-debian-gcc | 0.10.99 | 47.01 | 45.32 | 92.33 | OK | |
r-devel-linux-x86_64-fedora-clang | 0.10.99 | 174.81 | NOTE | |||
r-devel-linux-x86_64-fedora-gcc | 0.10.99 | 151.33 | OK | |||
r-devel-windows-ix86+x86_64 | 0.10.99 | 174.00 | 195.00 | 369.00 | OK | |
r-patched-linux-x86_64 | 0.10.99 | 58.53 | 55.56 | 114.09 | OK | |
r-patched-solaris-x86 | 0.10.99 | 193.60 | OK | |||
r-release-linux-x86_64 | 0.10.99 | 55.38 | 55.29 | 110.67 | OK | |
r-release-windows-ix86+x86_64 | 0.10.99 | 128.00 | 189.00 | 317.00 | OK | |
r-release-osx-x86_64 | 0.10.99 | NOTE | ||||
r-oldrel-windows-ix86+x86_64 | 0.10.99 | 113.00 | 181.00 | 294.00 | OK | |
r-oldrel-osx-x86_64 | 0.10.99 | NOTE |
Version: 0.10.99
Check: installed package size
Result: NOTE
installed size is 5.5Mb
sub-directories of 1Mb or more:
libs 5.0Mb
Flavors: r-devel-linux-x86_64-fedora-clang, r-release-osx-x86_64, r-oldrel-osx-x86_64