Last updated on 2019-06-18 01:48:40 CEST.
Flavor | Version | Tinstall | Tcheck | Ttotal | Status | Flags |
---|---|---|---|---|---|---|
r-devel-linux-x86_64-debian-clang | 1.1.3 | 24.29 | 169.77 | 194.06 | OK | |
r-devel-linux-x86_64-debian-gcc | 1.1.3 | 21.25 | 127.75 | 149.00 | OK | |
r-devel-linux-x86_64-fedora-clang | 1.1.3 | 221.02 | NOTE | |||
r-devel-linux-x86_64-fedora-gcc | 1.1.3 | 212.50 | NOTE | |||
r-devel-windows-ix86+x86_64 | 1.1.3 | 53.00 | 247.00 | 300.00 | OK | |
r-patched-linux-x86_64 | 1.1.3 | 23.04 | 161.72 | 184.76 | OK | |
r-patched-solaris-x86 | 1.1.3 | 343.70 | NOTE | |||
r-release-linux-x86_64 | 1.1.3 | 21.12 | 159.66 | 180.78 | OK | |
r-release-windows-ix86+x86_64 | 1.1.3 | 45.00 | 236.00 | 281.00 | OK | |
r-release-osx-x86_64 | 1.1.3 | NOTE | ||||
r-oldrel-windows-ix86+x86_64 | 1.1.3 | 27.00 | 250.00 | 277.00 | OK | |
r-oldrel-osx-x86_64 | 1.1.3 | NOTE |
Version: 1.1.3
Check: data for non-ASCII characters
Result: NOTE
Note: found 176 marked UTF-8 strings
Flavors: r-devel-linux-x86_64-fedora-clang, r-devel-linux-x86_64-fedora-gcc, r-patched-solaris-x86, r-release-osx-x86_64, r-oldrel-osx-x86_64