Last updated on 2019-06-18 01:48:40 CEST.
Flavor | Version | Tinstall | Tcheck | Ttotal | Status | Flags |
---|---|---|---|---|---|---|
r-devel-linux-x86_64-debian-clang | 0.4.1 | 211.82 | 116.84 | 328.66 | OK | |
r-devel-linux-x86_64-debian-gcc | 0.4.1 | 69.59 | 83.16 | 152.75 | OK | |
r-devel-linux-x86_64-fedora-clang | 0.4.1 | 283.89 | NOTE | |||
r-devel-linux-x86_64-fedora-gcc | 0.4.1 | 243.81 | OK | |||
r-devel-windows-ix86+x86_64 | 0.4.1 | 208.00 | 221.00 | 429.00 | NOTE | |
r-patched-linux-x86_64 | 0.4.1 | 77.95 | 107.43 | 185.38 | OK | |
r-patched-solaris-x86 | 0.4.1 | 363.80 | OK | |||
r-release-linux-x86_64 | 0.4.1 | 77.47 | 109.64 | 187.11 | OK | |
r-release-windows-ix86+x86_64 | 0.4.1 | 147.00 | 198.00 | 345.00 | NOTE | |
r-release-osx-x86_64 | 0.4.1 | NOTE | ||||
r-oldrel-windows-ix86+x86_64 | 0.4.1 | 148.00 | 201.00 | 349.00 | NOTE | |
r-oldrel-osx-x86_64 | 0.4.1 | NOTE |
Version: 0.4.1
Check: installed package size
Result: NOTE
installed size is 16.0Mb
sub-directories of 1Mb or more:
doc 1.3Mb
libs 14.2Mb
Flavors: r-devel-linux-x86_64-fedora-clang, r-devel-windows-ix86+x86_64, r-release-windows-ix86+x86_64, r-release-osx-x86_64, r-oldrel-windows-ix86+x86_64, r-oldrel-osx-x86_64