Last updated on 2019-06-18 01:48:41 CEST.
Flavor | Version | Tinstall | Tcheck | Ttotal | Status | Flags |
---|---|---|---|---|---|---|
r-devel-linux-x86_64-debian-clang | 1.1 | 109.89 | 278.88 | 388.77 | OK | |
r-devel-linux-x86_64-debian-gcc | 1.1 | 92.70 | 226.56 | 319.26 | OK | |
r-devel-linux-x86_64-fedora-clang | 1.1 | 504.79 | NOTE | |||
r-devel-linux-x86_64-fedora-gcc | 1.1 | 470.98 | NOTE | |||
r-devel-windows-ix86+x86_64 | 1.1 | 309.00 | 616.00 | 925.00 | OK | |
r-patched-linux-x86_64 | 1.1 | 104.74 | 277.48 | 382.22 | OK | |
r-patched-solaris-x86 | 1.1 | 577.90 | NOTE | |||
r-release-linux-x86_64 | 1.1 | 111.21 | 279.73 | 390.94 | OK | |
r-release-windows-ix86+x86_64 | 1.1 | 248.00 | 587.00 | 835.00 | OK | |
r-release-osx-x86_64 | 1.1 | NOTE | ||||
r-oldrel-windows-ix86+x86_64 | 1.1 | 225.00 | 559.00 | 784.00 | OK | |
r-oldrel-osx-x86_64 | 1.1 | NOTE |
Version: 1.1
Check: installed package size
Result: NOTE
installed size is 5.3Mb
sub-directories of 1Mb or more:
libs 2.9Mb
Flavors: r-devel-linux-x86_64-fedora-clang, r-release-osx-x86_64
Version: 1.1
Check: dependencies in R code
Result: NOTE
Namespace in Imports field not imported from: ‘crayon’
All declared Imports should be used.
Flavors: r-devel-linux-x86_64-fedora-clang, r-devel-linux-x86_64-fedora-gcc, r-patched-solaris-x86, r-release-osx-x86_64, r-oldrel-osx-x86_64