Last updated on 2019-06-18 01:48:41 CEST.
Flavor | Version | Tinstall | Tcheck | Ttotal | Status | Flags |
---|---|---|---|---|---|---|
r-devel-linux-x86_64-debian-clang | 1.0.5 | 5.97 | 92.12 | 98.09 | OK | |
r-devel-linux-x86_64-debian-gcc | 1.0.5 | 4.93 | 68.63 | 73.56 | OK | |
r-devel-linux-x86_64-fedora-clang | 1.0.5 | 112.11 | OK | |||
r-devel-linux-x86_64-fedora-gcc | 1.0.5 | 107.35 | OK | |||
r-devel-windows-ix86+x86_64 | 1.0.5 | 19.00 | 163.00 | 182.00 | OK | |
r-patched-linux-x86_64 | 1.0.5 | 4.62 | 86.06 | 90.68 | OK | |
r-patched-solaris-x86 | 1.0.5 | 180.70 | NOTE | |||
r-release-linux-x86_64 | 1.0.5 | 5.26 | 87.98 | 93.24 | OK | |
r-release-windows-ix86+x86_64 | 1.0.5 | 15.00 | 137.00 | 152.00 | OK | |
r-release-osx-x86_64 | 1.0.5 | OK | ||||
r-oldrel-windows-ix86+x86_64 | 1.0.5 | 7.00 | 139.00 | 146.00 | OK | |
r-oldrel-osx-x86_64 | 1.0.5 | OK |
Version: 1.0.5
Check: installed package size
Result: NOTE
installed size is 5.7Mb
sub-directories of 1Mb or more:
doc 2.5Mb
extdata 3.1Mb
Flavor: r-patched-solaris-x86