CRAN Package Check Results for Package lemon

Last updated on 2019-06-18 01:48:41 CEST.

Flavor Version Tinstall Tcheck Ttotal Status Flags
r-devel-linux-x86_64-debian-clang 0.4.3 8.37 159.54 167.91 NOTE
r-devel-linux-x86_64-debian-gcc 0.4.3 7.03 119.16 126.19 NOTE
r-devel-linux-x86_64-fedora-clang 0.4.3 187.59 NOTE
r-devel-linux-x86_64-fedora-gcc 0.4.3 184.93 NOTE
r-devel-windows-ix86+x86_64 0.4.3 25.00 237.00 262.00 OK
r-patched-linux-x86_64 0.4.3 9.00 151.72 160.72 OK
r-patched-solaris-x86 0.4.3 256.20 OK
r-release-linux-x86_64 0.4.3 8.38 151.93 160.31 OK
r-release-windows-ix86+x86_64 0.4.3 15.00 226.00 241.00 OK
r-release-osx-x86_64 0.4.3 OK
r-oldrel-windows-ix86+x86_64 0.4.3 11.00 220.00 231.00 OK
r-oldrel-osx-x86_64 0.4.3 OK

Check Details

Version: 0.4.3
Check: for non-standard things in the check directory
Result: NOTE
    Found the following files/directories:
     'data' 'rawdata' 'results' 'tmp.Rdata'
Flavors: r-devel-linux-x86_64-debian-clang, r-devel-linux-x86_64-debian-gcc, r-devel-linux-x86_64-fedora-clang, r-devel-linux-x86_64-fedora-gcc