Last updated on 2019-06-18 01:48:41 CEST.
Flavor | Version | Tinstall | Tcheck | Ttotal | Status | Flags |
---|---|---|---|---|---|---|
r-devel-linux-x86_64-debian-clang | 3.8.6 | 28.89 | 150.29 | 179.18 | NOTE | |
r-devel-linux-x86_64-debian-gcc | 3.8.6 | 24.26 | 116.71 | 140.97 | NOTE | |
r-devel-linux-x86_64-fedora-clang | 3.8.6 | 211.51 | NOTE | |||
r-devel-linux-x86_64-fedora-gcc | 3.8.6 | 206.41 | NOTE | |||
r-devel-windows-ix86+x86_64 | 3.8.6 | 57.00 | 238.00 | 295.00 | OK | |
r-patched-linux-x86_64 | 3.8.6 | 28.33 | 153.53 | 181.86 | OK | |
r-patched-solaris-x86 | 3.8.6 | 272.20 | OK | |||
r-release-linux-x86_64 | 3.8.6 | 32.24 | 154.20 | 186.44 | OK | |
r-release-windows-ix86+x86_64 | 3.8.6 | 41.00 | 226.00 | 267.00 | OK | |
r-release-osx-x86_64 | 3.8.6 | OK | ||||
r-oldrel-windows-ix86+x86_64 | 3.8.6 | 42.00 | 160.00 | 202.00 | OK | |
r-oldrel-osx-x86_64 | 3.8.6 | OK |
Version: 3.8.6
Check: for non-standard things in the check directory
Result: NOTE
Found the following files/directories:
'Density_Y.pdf' 'GoodData.csv' 'GoodData.xlsx' 'LC_Y.pdf'
'MyModel.pdf' 'SimPopulation.pdf' 'SimSample.pdf' 'd.rda'
'grayWSJ.rda' 'm4.Rmd' 'myout.Rmd' 'warpbreaks.rda'
Flavors: r-devel-linux-x86_64-debian-clang, r-devel-linux-x86_64-debian-gcc, r-devel-linux-x86_64-fedora-clang, r-devel-linux-x86_64-fedora-gcc