Last updated on 2019-06-18 01:48:41 CEST.
Flavor | Version | Tinstall | Tcheck | Ttotal | Status | Flags |
---|---|---|---|---|---|---|
r-devel-linux-x86_64-debian-clang | 2.0.3 | 137.18 | 344.17 | 481.35 | OK | |
r-devel-linux-x86_64-debian-gcc | 2.0.3 | 108.06 | 236.55 | 344.61 | OK | |
r-devel-linux-x86_64-fedora-clang | 2.0.3 | 590.31 | NOTE | |||
r-devel-linux-x86_64-fedora-gcc | 2.0.3 | 516.17 | NOTE | |||
r-devel-windows-ix86+x86_64 | 2.0.3 | 341.00 | 558.00 | 899.00 | NOTE | |
r-patched-linux-x86_64 | 2.0.3 | 130.18 | 285.44 | 415.62 | OK | |
r-patched-solaris-x86 | 2.0.3 | 704.10 | NOTE | |||
r-release-linux-x86_64 | 2.0.3 | 128.65 | 287.07 | 415.72 | OK | |
r-release-windows-ix86+x86_64 | 2.0.3 | 277.00 | 548.00 | 825.00 | NOTE | |
r-release-osx-x86_64 | 2.0.3 | NOTE | ||||
r-oldrel-windows-ix86+x86_64 | 2.0.3 | 239.00 | 508.00 | 747.00 | NOTE | |
r-oldrel-osx-x86_64 | 2.0.3 | NOTE |
Version: 2.0.3
Check: installed package size
Result: NOTE
installed size is 8.0Mb
sub-directories of 1Mb or more:
libs 5.1Mb
Flavors: r-devel-linux-x86_64-fedora-clang, r-devel-windows-ix86+x86_64, r-release-windows-ix86+x86_64, r-release-osx-x86_64, r-oldrel-windows-ix86+x86_64, r-oldrel-osx-x86_64
Version: 2.0.3
Check: dependencies in R code
Result: NOTE
Namespace in Imports field not imported from: ‘Rcpp’
All declared Imports should be used.
Flavors: r-devel-linux-x86_64-fedora-clang, r-devel-linux-x86_64-fedora-gcc, r-patched-solaris-x86, r-release-osx-x86_64, r-oldrel-osx-x86_64
Version: 2.0.3
Check: package dependencies
Result: NOTE
Package suggested but not available for checking: ‘EBImage’
Flavor: r-release-osx-x86_64