CRAN Package Check Results for Package likeLTD

Last updated on 2019-06-18 01:48:41 CEST.

Flavor Version Tinstall Tcheck Ttotal Status Flags
r-devel-linux-x86_64-debian-clang 6.3.0 23.46 105.23 128.69 OK
r-devel-linux-x86_64-debian-gcc 6.3.0 18.57 78.43 97.00 OK
r-devel-linux-x86_64-fedora-clang 6.3.0 158.66 OK
r-devel-linux-x86_64-fedora-gcc 6.3.0 147.30 OK
r-devel-windows-ix86+x86_64 6.3.0 58.00 120.00 178.00 OK
r-patched-linux-x86_64 6.3.0 22.84 100.46 123.30 OK
r-patched-solaris-x86 6.3.0 200.90 OK
r-release-linux-x86_64 6.3.0 21.34 102.43 123.77 OK
r-release-windows-ix86+x86_64 6.3.0 43.00 179.00 222.00 OK
r-release-osx-x86_64 6.3.0 FAIL
r-oldrel-windows-ix86+x86_64 6.3.0 30.00 155.00 185.00 OK
r-oldrel-osx-x86_64 6.3.0 OK

Check Details

Version: 6.3.0
Check: whether package can be installed
Result: FAIL
    
Flavor: r-release-osx-x86_64