Last updated on 2019-06-18 01:48:42 CEST.
Flavor | Version | Tinstall | Tcheck | Ttotal | Status | Flags |
---|---|---|---|---|---|---|
r-devel-linux-x86_64-debian-clang | 0.9-2 | 2.77 | 22.50 | 25.27 | NOTE | |
r-devel-linux-x86_64-debian-gcc | 0.9-2 | 2.07 | 18.07 | 20.14 | NOTE | |
r-devel-linux-x86_64-fedora-clang | 0.9-2 | 30.30 | NOTE | |||
r-devel-linux-x86_64-fedora-gcc | 0.9-2 | 28.92 | NOTE | |||
r-devel-windows-ix86+x86_64 | 0.9-2 | 9.00 | 35.00 | 44.00 | NOTE | |
r-patched-linux-x86_64 | 0.9-2 | 2.75 | 22.56 | 25.31 | NOTE | |
r-patched-solaris-x86 | 0.9-2 | 47.00 | NOTE | |||
r-release-linux-x86_64 | 0.9-2 | 2.32 | 22.39 | 24.71 | NOTE | |
r-release-windows-ix86+x86_64 | 0.9-2 | 7.00 | 42.00 | 49.00 | NOTE | |
r-release-osx-x86_64 | 0.9-2 | NOTE | ||||
r-oldrel-windows-ix86+x86_64 | 0.9-2 | 4.00 | 51.00 | 55.00 | NOTE | |
r-oldrel-osx-x86_64 | 0.9-2 | NOTE |
Version: 0.9-2
Check: top-level files
Result: NOTE
Non-standard file/directory found at top level:
'pkg.Rproj'
Flavors: r-devel-linux-x86_64-debian-clang, r-devel-linux-x86_64-debian-gcc, r-devel-linux-x86_64-fedora-clang, r-devel-linux-x86_64-fedora-gcc, r-patched-linux-x86_64, r-release-linux-x86_64
Version: 0.9-2
Check: dependencies in R code
Result: NOTE
'library' or 'require' call to 'lpSolve' which was already attached by Depends.
Please remove these calls from your code.
Package in Depends field not imported from: 'lpSolve'
These packages need to be imported from (in the NAMESPACE file)
for when this namespace is loaded but not attached.
Flavors: r-devel-linux-x86_64-debian-clang, r-devel-linux-x86_64-debian-gcc, r-devel-linux-x86_64-fedora-clang, r-devel-linux-x86_64-fedora-gcc, r-devel-windows-ix86+x86_64, r-patched-linux-x86_64, r-patched-solaris-x86, r-release-linux-x86_64, r-release-windows-ix86+x86_64, r-release-osx-x86_64, r-oldrel-windows-ix86+x86_64, r-oldrel-osx-x86_64
Version: 0.9-2
Check: R code for possible problems
Result: NOTE
solveLP: no visible global function definition for 'lp'
Undefined global functions or variables:
lp
Flavors: r-devel-linux-x86_64-debian-clang, r-devel-linux-x86_64-debian-gcc, r-devel-linux-x86_64-fedora-clang, r-devel-linux-x86_64-fedora-gcc, r-devel-windows-ix86+x86_64, r-patched-linux-x86_64, r-patched-solaris-x86, r-release-linux-x86_64, r-release-windows-ix86+x86_64, r-release-osx-x86_64, r-oldrel-windows-ix86+x86_64, r-oldrel-osx-x86_64
Version: 0.9-2
Check: for non-standard things in the check directory
Result: NOTE
Found the following files/directories:
'steinh.mps'
Flavors: r-devel-linux-x86_64-debian-clang, r-devel-linux-x86_64-debian-gcc, r-devel-linux-x86_64-fedora-clang, r-devel-linux-x86_64-fedora-gcc