Last updated on 2019-06-18 01:48:42 CEST.
Flavor | Version | Tinstall | Tcheck | Ttotal | Status | Flags |
---|---|---|---|---|---|---|
r-devel-linux-x86_64-debian-clang | 2.3.0 | 15.41 | 20.56 | 35.97 | OK | |
r-devel-linux-x86_64-debian-gcc | 2.3.0 | 10.03 | 16.52 | 26.55 | OK | |
r-devel-linux-x86_64-fedora-clang | 2.3.0 | 43.44 | NOTE | |||
r-devel-linux-x86_64-fedora-gcc | 2.3.0 | 41.95 | OK | |||
r-devel-windows-ix86+x86_64 | 2.3.0 | 88.00 | 32.00 | 120.00 | NOTE | |
r-patched-linux-x86_64 | 2.3.0 | 14.15 | 20.46 | 34.61 | OK | |
r-patched-solaris-x86 | 2.3.0 | 67.80 | NOTE | |||
r-release-linux-x86_64 | 2.3.0 | 14.67 | 20.55 | 35.22 | OK | |
r-release-windows-ix86+x86_64 | 2.3.0 | 86.00 | 46.00 | 132.00 | NOTE | |
r-release-osx-x86_64 | 2.3.0 | NOTE | ||||
r-oldrel-windows-ix86+x86_64 | 2.3.0 | 67.00 | 44.00 | 111.00 | NOTE | |
r-oldrel-osx-x86_64 | 2.3.0 | NOTE |
Version: 2.3.0
Check: installed package size
Result: NOTE
installed size is 33.5Mb
sub-directories of 1Mb or more:
mapdata 33.4Mb
Flavors: r-devel-linux-x86_64-fedora-clang, r-devel-windows-ix86+x86_64, r-patched-solaris-x86, r-release-windows-ix86+x86_64, r-release-osx-x86_64, r-oldrel-windows-ix86+x86_64, r-oldrel-osx-x86_64