CRAN Package Check Results for Package mdsOpt

Last updated on 2019-06-18 01:48:43 CEST.

Flavor Version Tinstall Tcheck Ttotal Status Flags
r-devel-linux-x86_64-debian-clang 0.4-1 16.28 141.76 158.04 NOTE
r-devel-linux-x86_64-debian-gcc 0.4-1 14.41 112.18 126.59 NOTE
r-devel-linux-x86_64-fedora-clang 0.4-1 193.14 NOTE
r-devel-linux-x86_64-fedora-gcc 0.4-1 186.05 NOTE
r-devel-windows-ix86+x86_64 0.4-1 90.00 239.00 329.00 OK
r-patched-linux-x86_64 0.4-1 16.98 140.82 157.80 OK
r-patched-solaris-x86 0.4-1 356.50 OK
r-release-linux-x86_64 0.4-1 16.52 139.62 156.14 OK
r-release-windows-ix86+x86_64 0.4-1 45.00 246.00 291.00 OK
r-release-osx-x86_64 0.4-1 OK
r-oldrel-windows-ix86+x86_64 0.4-1 16.00 6.00 22.00 ERROR
r-oldrel-osx-x86_64 0.4-1 ERROR

Check Details

Version: 0.4-1
Check: for non-standard things in the check directory
Result: NOTE
    Found the following files/directories:
     'conf_2d.csv'
Flavors: r-devel-linux-x86_64-debian-clang, r-devel-linux-x86_64-debian-gcc, r-devel-linux-x86_64-fedora-clang, r-devel-linux-x86_64-fedora-gcc

Version: 0.4-1
Check: whether package can be installed
Result: ERROR
    Installation failed.
Flavors: r-oldrel-windows-ix86+x86_64, r-oldrel-osx-x86_64