CRAN Package Check Results for Package meboot

Last updated on 2019-06-18 01:48:43 CEST.

Flavor Version Tinstall Tcheck Ttotal Status Flags
r-devel-linux-x86_64-debian-clang 1.4-7 5.34 46.18 51.52 OK
r-devel-linux-x86_64-debian-gcc 1.4-7 4.27 36.37 40.64 OK
r-devel-linux-x86_64-fedora-clang 1.4-7 61.64 NOTE
r-devel-linux-x86_64-fedora-gcc 1.4-7 59.17 NOTE
r-devel-windows-ix86+x86_64 1.4-7 24.00 83.00 107.00 OK
r-patched-linux-x86_64 1.4-7 4.99 44.61 49.60 OK
r-patched-solaris-x86 1.4-7 92.30 OK
r-release-linux-x86_64 1.4-7 4.60 44.61 49.21 OK
r-release-windows-ix86+x86_64 1.4-7 18.00 113.00 131.00 OK
r-release-osx-x86_64 1.4-7 OK
r-oldrel-windows-ix86+x86_64 1.4-7 11.00 112.00 123.00 OK
r-oldrel-osx-x86_64 1.4-7 OK

Check Details

Version: 1.4-7
Check: compiled code
Result: NOTE
    File ‘meboot/libs/meboot.so’:
     Found no calls to: ‘R_registerRoutines’, ‘R_useDynamicSymbols’
    
    It is good practice to register native routines and to disable symbol
    search.
    
    See ‘Writing portable packages’ in the ‘Writing R Extensions’ manual.
Flavors: r-devel-linux-x86_64-fedora-clang, r-devel-linux-x86_64-fedora-gcc