CRAN Package Check Results for Package metagear

Last updated on 2019-06-18 01:48:43 CEST.

Flavor Version Tinstall Tcheck Ttotal Status Flags
r-devel-linux-x86_64-debian-clang 0.4 18.48 130.35 148.83 NOTE
r-devel-linux-x86_64-debian-gcc 0.4 15.19 103.46 118.65 NOTE
r-devel-linux-x86_64-fedora-clang 0.4 174.33 NOTE
r-devel-linux-x86_64-fedora-gcc 0.4 170.81 NOTE
r-devel-windows-ix86+x86_64 0.4 39.00 132.00 171.00 OK
r-patched-linux-x86_64 0.4 17.31 129.37 146.68 OK
r-patched-solaris-x86 0.4 273.90 OK
r-release-linux-x86_64 0.4 16.68 128.88 145.56 OK
r-release-windows-ix86+x86_64 0.4 28.00 175.00 203.00 OK
r-release-osx-x86_64 0.4 ERROR
r-oldrel-windows-ix86+x86_64 0.4 20.00 162.00 182.00 OK
r-oldrel-osx-x86_64 0.4 OK

Check Details

Version: 0.4
Check: for non-standard things in the check directory
Result: NOTE
    Found the following files/directories:
     'effort_Christina.csv' 'effort_Luc.csv'
Flavors: r-devel-linux-x86_64-debian-clang, r-devel-linux-x86_64-debian-gcc, r-devel-linux-x86_64-fedora-clang, r-devel-linux-x86_64-fedora-gcc

Version: 0.4
Check: package dependencies
Result: ERROR
    Package required but not available: ‘EBImage’
    
    See section ‘The DESCRIPTION file’ in the ‘Writing R Extensions’
    manual.
Flavor: r-release-osx-x86_64