CRAN Package Check Results for Package mgarchBEKK

Last updated on 2019-06-18 01:48:43 CEST.

Flavor Version Tinstall Tcheck Ttotal Status Flags
r-devel-linux-x86_64-debian-clang 0.0.2 4.88 34.20 39.08 OK
r-devel-linux-x86_64-debian-gcc 0.0.2 3.90 26.79 30.69 OK
r-devel-linux-x86_64-fedora-clang 0.0.2 45.32 NOTE
r-devel-linux-x86_64-fedora-gcc 0.0.2 43.11 NOTE
r-devel-windows-ix86+x86_64 0.0.2 18.00 62.00 80.00 OK
r-patched-linux-x86_64 0.0.2 5.18 33.07 38.25 OK
r-patched-solaris-x86 0.0.2 75.90 OK
r-release-linux-x86_64 0.0.2 4.41 32.74 37.15 OK
r-release-windows-ix86+x86_64 0.0.2 12.00 82.00 94.00 OK
r-release-osx-x86_64 0.0.2 OK
r-oldrel-windows-ix86+x86_64 0.0.2 11.00 81.00 92.00 OK
r-oldrel-osx-x86_64 0.0.2 OK

Check Details

Version: 0.0.2
Check: compiled code
Result: NOTE
    File ‘mgarchBEKK/libs/mgarchBEKK.so’:
     Found no calls to: ‘R_registerRoutines’, ‘R_useDynamicSymbols’
    
    It is good practice to register native routines and to disable symbol
    search.
    
    See ‘Writing portable packages’ in the ‘Writing R Extensions’ manual.
Flavors: r-devel-linux-x86_64-fedora-clang, r-devel-linux-x86_64-fedora-gcc