Last updated on 2019-06-18 01:48:43 CEST.
Flavor | Version | Tinstall | Tcheck | Ttotal | Status | Flags |
---|---|---|---|---|---|---|
r-devel-linux-x86_64-debian-clang | 1.30 | 111.63 | 174.35 | 285.98 | OK | |
r-devel-linux-x86_64-debian-gcc | 1.30 | 97.51 | 134.44 | 231.95 | OK | |
r-devel-linux-x86_64-fedora-clang | 1.30 | 381.53 | NOTE | |||
r-devel-linux-x86_64-fedora-gcc | 1.30 | 359.22 | OK | |||
r-devel-windows-ix86+x86_64 | 1.30 | 262.00 | 307.00 | 569.00 | OK | |
r-patched-linux-x86_64 | 1.30 | 107.87 | 176.39 | 284.26 | OK | |
r-patched-solaris-x86 | 1.30 | 404.40 | OK | |||
r-release-linux-x86_64 | 1.30 | 116.18 | 175.16 | 291.34 | OK | |
r-release-windows-ix86+x86_64 | 1.30 | 194.00 | 307.00 | 501.00 | OK | |
r-release-osx-x86_64 | 1.30 | NOTE | ||||
r-oldrel-windows-ix86+x86_64 | 1.30 | 168.00 | 273.00 | 441.00 | OK | |
r-oldrel-osx-x86_64 | 1.30 | NOTE |
Version: 1.30
Check: installed package size
Result: NOTE
installed size is 7.8Mb
sub-directories of 1Mb or more:
R 1.4Mb
libs 5.8Mb
Flavors: r-devel-linux-x86_64-fedora-clang, r-release-osx-x86_64, r-oldrel-osx-x86_64