CRAN Package Check Results for Package mitml

Last updated on 2019-06-18 01:48:43 CEST.

Flavor Version Tinstall Tcheck Ttotal Status Flags
r-devel-linux-x86_64-debian-clang 0.3-7 11.23 151.83 163.06 NOTE
r-devel-linux-x86_64-debian-gcc 0.3-7 10.25 113.69 123.94 NOTE
r-devel-linux-x86_64-fedora-clang 0.3-7 195.88 NOTE
r-devel-linux-x86_64-fedora-gcc 0.3-7 182.02 NOTE
r-devel-windows-ix86+x86_64 0.3-7 33.00 209.00 242.00 OK
r-patched-linux-x86_64 0.3-7 14.30 144.22 158.52 OK
r-patched-solaris-x86 0.3-7 289.80 WARN
r-release-linux-x86_64 0.3-7 12.65 145.03 157.68 OK
r-release-windows-ix86+x86_64 0.3-7 23.00 202.00 225.00 OK
r-release-osx-x86_64 0.3-7 OK
r-oldrel-windows-ix86+x86_64 0.3-7 14.00 184.00 198.00 OK
r-oldrel-osx-x86_64 0.3-7 OK

Check Details

Version: 0.3-7
Check: for non-standard things in the check directory
Result: NOTE
    Found the following files/directories:
     'imputation.R' 'imputation.dat' 'imputation.inp' 'imputation.sav'
     'imputation.sps' 'imputation1.dat' 'imputation2.dat'
     'imputation3.dat' 'imputation4.dat' 'imputation5.dat'
     'imputationlist.dat'
Flavors: r-devel-linux-x86_64-debian-clang, r-devel-linux-x86_64-debian-gcc, r-devel-linux-x86_64-fedora-clang, r-devel-linux-x86_64-fedora-gcc

Version: 0.3-7
Check: re-building of vignette outputs
Result: WARN
    Error(s) in re-building vignettes:
     ...
    --- re-building ‘Analysis.Rmd’ using rmarkdown
    Warning in engine$weave(file, quiet = quiet, encoding = enc) :
     Pandoc (>= 1.12.3) and/or pandoc-citeproc not available. Falling back to R Markdown v1.
    *** This is beta software. Please report any bugs!
    *** See the NEWS file for recent changes.
    Loading required package: Matrix
    Quitting from lines 109-112 (Analysis.Rmd)
    Error: processing vignette 'Analysis.Rmd' failed with diagnostics:
    objective in x0 returns NA
    --- failed re-building ‘Analysis.Rmd’
    
    --- re-building ‘Introduction.Rmd’ using rmarkdown
    Warning in engine$weave(file, quiet = quiet, encoding = enc) :
     Pandoc (>= 1.12.3) and/or pandoc-citeproc not available. Falling back to R Markdown v1.
    *** This is beta software. Please report any bugs!
    *** See the NEWS file for recent changes.
    
    (process:24249): Pango-WARNING **: failed to create cairo scaled font, expect ugly output. the offending font is 'Helvetica Medium 9.9599609375'
    
    (process:24249): Pango-WARNING **: font_face status is: <unknown error status>
    
    (process:24249): Pango-WARNING **: scaled_font status is: invalid matrix (not invertible)
    
    (process:24249): Pango-WARNING **: shaping failure, expect ugly output. shape-engine='BasicEngineFc', font='Helvetica Medium 9.9599609375', text='m'
    Loading required package: Matrix
    --- finished re-building ‘Introduction.Rmd’
    
    --- re-building ‘Level2.Rmd’ using rmarkdown
    Warning in engine$weave(file, quiet = quiet, encoding = enc) :
     Pandoc (>= 1.12.3) and/or pandoc-citeproc not available. Falling back to R Markdown v1.
    *** This is beta software. Please report any bugs!
    *** See the NEWS file for recent changes.
    --- finished re-building ‘Level2.Rmd’
    
    SUMMARY: processing the following file failed:
     ‘Analysis.Rmd’
    
    Error: Vignette re-building failed.
    Execution halted
Flavor: r-patched-solaris-x86