CRAN Package Check Results for Package momentuHMM

Last updated on 2019-06-18 01:48:44 CEST.

Flavor Version Tinstall Tcheck Ttotal Status Flags
r-devel-linux-x86_64-debian-clang 1.4.3 102.65 309.27 411.92 OK
r-devel-linux-x86_64-debian-gcc 1.4.3 86.31 243.03 329.34 OK
r-devel-linux-x86_64-fedora-clang 1.4.3 522.48 NOTE
r-devel-linux-x86_64-fedora-gcc 1.4.3 500.76 OK
r-devel-windows-ix86+x86_64 1.4.3 267.00 633.00 900.00 NOTE
r-patched-linux-x86_64 1.4.3 94.57 309.51 404.08 OK
r-patched-solaris-x86 1.4.3 639.70 OK
r-release-linux-x86_64 1.4.3 101.88 308.76 410.64 OK
r-release-windows-ix86+x86_64 1.4.3 204.00 632.00 836.00 NOTE
r-release-osx-x86_64 1.4.3 NOTE
r-oldrel-windows-ix86+x86_64 1.4.3 161.00 574.00 735.00 NOTE
r-oldrel-osx-x86_64 1.4.3 NOTE

Check Details

Version: 1.4.3
Check: installed package size
Result: NOTE
     installed size is 7.0Mb
     sub-directories of 1Mb or more:
     data 1.2Mb
     doc 1.8Mb
     libs 3.1Mb
Flavors: r-devel-linux-x86_64-fedora-clang, r-devel-windows-ix86+x86_64, r-release-windows-ix86+x86_64, r-release-osx-x86_64, r-oldrel-windows-ix86+x86_64, r-oldrel-osx-x86_64