CRAN Package Check Results for Package mpmi

Last updated on 2019-06-18 01:48:44 CEST.

Flavor Version Tinstall Tcheck Ttotal Status Flags
r-devel-linux-x86_64-debian-clang 0.43 3.78 28.88 32.66 OK
r-devel-linux-x86_64-debian-gcc 0.43 3.35 21.66 25.01 OK
r-devel-linux-x86_64-fedora-clang 0.43 40.29 NOTE
r-devel-linux-x86_64-fedora-gcc 0.43 38.34 NOTE
r-devel-windows-ix86+x86_64 0.43 25.00 52.00 77.00 OK
r-patched-linux-x86_64 0.43 3.64 27.30 30.94 OK
r-patched-solaris-x86 0.43 59.50 OK
r-release-linux-x86_64 0.43 3.84 27.67 31.51 OK
r-release-windows-ix86+x86_64 0.43 15.00 67.00 82.00 OK
r-release-osx-x86_64 0.43 OK
r-oldrel-windows-ix86+x86_64 0.43 13.00 64.00 77.00 OK
r-oldrel-osx-x86_64 0.43 OK

Check Details

Version: 0.43
Check: compiled code
Result: NOTE
    File ‘mpmi/libs/mpmi.so’:
     Found no calls to: ‘R_registerRoutines’, ‘R_useDynamicSymbols’
    
    It is good practice to register native routines and to disable symbol
    search.
    
    See ‘Writing portable packages’ in the ‘Writing R Extensions’ manual.
Flavors: r-devel-linux-x86_64-fedora-clang, r-devel-linux-x86_64-fedora-gcc