Last updated on 2019-06-18 01:48:44 CEST.
Flavor | Version | Tinstall | Tcheck | Ttotal | Status | Flags |
---|---|---|---|---|---|---|
r-devel-linux-x86_64-debian-clang | 4.0.1 | 47.05 | 160.73 | 207.78 | OK | |
r-devel-linux-x86_64-debian-gcc | 4.0.1 | 37.99 | 123.20 | 161.19 | OK | |
r-devel-linux-x86_64-fedora-clang | 4.0.1 | 255.63 | OK | |||
r-devel-linux-x86_64-fedora-gcc | 4.0.1 | 246.47 | OK | |||
r-devel-windows-ix86+x86_64 | 4.0.1 | 105.00 | 275.00 | 380.00 | OK | |
r-patched-linux-x86_64 | 4.0.1 | 45.60 | 163.24 | 208.84 | OK | |
r-patched-solaris-x86 | 4.0.1 | 340.80 | OK | |||
r-release-linux-x86_64 | 4.0.1 | 45.71 | 160.12 | 205.83 | OK | |
r-release-windows-ix86+x86_64 | 4.0.1 | 77.00 | 322.00 | 399.00 | NOTE | |
r-release-osx-x86_64 | 4.0.1 | NOTE | ||||
r-oldrel-windows-ix86+x86_64 | 4.0.1 | 65.00 | 304.00 | 369.00 | OK | |
r-oldrel-osx-x86_64 | 4.0.1 | NOTE |
Version: 4.0.1
Check: whether package can be installed
Result: NOTE
Found the following notes/warnings:
Non-staged installation was used
Flavor: r-release-windows-ix86+x86_64
Version: 4.0.1
Check: installed package size
Result: NOTE
installed size is 5.9Mb
sub-directories of 1Mb or more:
libs 4.9Mb
Flavors: r-release-osx-x86_64, r-oldrel-osx-x86_64