CRAN Package Check Results for Package newsanchor

Last updated on 2019-06-18 01:48:45 CEST.

Flavor Version Tinstall Tcheck Ttotal Status Flags
r-devel-linux-x86_64-debian-clang 0.1.0 3.25 60.64 63.89 WARN
r-devel-linux-x86_64-debian-gcc 0.1.0 2.73 49.17 51.90 WARN
r-devel-linux-x86_64-fedora-clang 0.1.0 76.46 WARN
r-devel-linux-x86_64-fedora-gcc 0.1.0 74.48 WARN
r-devel-windows-ix86+x86_64 0.1.0 12.00 499.00 511.00 OK
r-patched-linux-x86_64 0.1.0 4.02 59.47 63.49 WARN
r-patched-solaris-x86 0.1.0 120.50 WARN
r-release-linux-x86_64 0.1.0 3.87 60.03 63.90 WARN
r-release-windows-ix86+x86_64 0.1.0 8.00 481.00 489.00 OK
r-release-osx-x86_64 0.1.0 NOTE
r-oldrel-windows-ix86+x86_64 0.1.0 5.00 477.00 482.00 OK
r-oldrel-osx-x86_64 0.1.0 NOTE

Check Details

Version: 0.1.0
Check: re-building of vignette outputs
Result: WARN
    Error(s) in re-building vignettes:
     ...
    --- re-building 'scrape-nyt.Rmd' using rmarkdown
    Loading required package: xml2
    
    Attaching package: 'dplyr'
    
    The following objects are masked from 'package:stats':
    
     filter, lag
    
    The following objects are masked from 'package:base':
    
     intersect, setdiff, setequal, union
    
    
     www.nytimes.com
     www.nytimes.com
     www.nytimes.com
     www.nytimes.com
     www.nytimes.com
     www.nytimes.com
     www.nytimes.com
     www.nytimes.com
     www.nytimes.com
     www.nytimes.com
     www.nytimes.com
     www.nytimes.com
     www.nytimes.com
     www.nytimes.com
     www.nytimes.com
     www.nytimes.com
     www.nytimes.com
     www.nytimes.com
     www.nytimes.com
     www.nytimes.com
     www.nytimes.com
     www.nytimes.com
     www.nytimes.com
     www.nytimes.com
     www.nytimes.com
     www.nytimes.com
     www.nytimes.com
     www.nytimes.com
     www.nytimes.com
     www.nytimes.com
     www.nytimes.com
     www.nytimes.com
     www.nytimes.com
     www.nytimes.com
     www.nytimes.com
     www.nytimes.com
     www.nytimes.com
     www.nytimes.com
     www.nytimes.com
     www.nytimes.com
     www.nytimes.com
     www.nytimes.com
     www.nytimes.com
     www.nytimes.com
     www.nytimes.com
     www.nytimes.com
     www.nytimes.com
     www.nytimes.com
     www.nytimes.com
     www.nytimes.com
     www.nytimes.com
     www.nytimes.com
     www.nytimes.com
     www.nytimes.com
     www.nytimes.com
     www.nytimes.com
     www.nytimes.com
     www.nytimes.com
     www.nytimes.com
     www.nytimes.com
     www.nytimes.com
     www.nytimes.com
     www.nytimes.com
     www.nytimes.com
     www.nytimes.com
     www.nytimes.com
     www.nytimes.com
     www.nytimes.com
     www.nytimes.com
     www.nytimes.com
     www.nytimes.com
     www.nytimes.com
     www.nytimes.com
     www.nytimes.com
     www.nytimes.com
     www.nytimes.com
     www.nytimes.com
     www.nytimes.com
     www.nytimes.com
     www.nytimes.com
     www.nytimes.com
     www.nytimes.com
     www.nytimes.com
     www.nytimes.com
     www.nytimes.com
     www.nytimes.com
     www.nytimes.com
     www.nytimes.com
     www.nytimes.com
     www.nytimes.com
     www.nytimes.com
     www.nytimes.com
     www.nytimes.com
     www.nytimes.com
     www.nytimes.com
     www.nytimes.com
     www.nytimes.com
     www.nytimes.com
     www.nytimes.com
     www.nytimes.com
     www.nytimes.com
     www.nytimes.com
     www.nytimes.com
     www.nytimes.com
     www.nytimes.com
     www.nytimes.com
     www.nytimes.com
     www.nytimes.com
     www.nytimes.com
     www.nytimes.com
     www.nytimes.com
     www.nytimes.com
     www.nytimes.com
     www.nytimes.com
     www.nytimes.com
     www.nytimes.com
     www.nytimes.com
     www.nytimes.com
     www.nytimes.com
     www.nytimes.com
     www.nytimes.com
     www.nytimes.com
     www.nytimes.com
     www.nytimes.com
     www.nytimes.com
     www.nytimes.com
     www.nytimes.com
     www.nytimes.com
     www.nytimes.com
     www.nytimes.com
     www.nytimes.com
     www.nytimes.com
     www.nytimes.com
     www.nytimes.com
     www.nytimes.com
     www.nytimes.com
     www.nytimes.com
     www.nytimes.com
     www.nytimes.com
     www.nytimes.com
     www.nytimes.com
     www.nytimes.com
     www.nytimes.com
     www.nytimes.com
     www.nytimes.com
     www.nytimes.com
     www.nytimes.com
     www.nytimes.com
     www.nytimes.com
     www.nytimes.com
     www.nytimes.com
     www.nytimes.com
     www.nytimes.com
     www.nytimes.com
     www.nytimes.com
     www.nytimes.com
     www.nytimes.com
     www.nytimes.com
     www.nytimes.com
     www.nytimes.com
     www.nytimes.com
     www.nytimes.com
     www.nytimes.com
     www.nytimes.com
     www.nytimes.com
     www.nytimes.com
     www.nytimes.com
     www.nytimes.com
     www.nytimes.com
     www.nytimes.com
     www.nytimes.com
     www.nytimes.com
     www.nytimes.com
     www.nytimes.com
     www.nytimes.com
     www.nytimes.com
     www.nytimes.com
     www.nytimes.com
     www.nytimes.com
    
    Quitting from lines 145-156 (scrape-nyt.Rmd)
    Error: processing vignette 'scrape-nyt.Rmd' failed with diagnostics:
    menu() cannot be used non-interactively
    --- failed re-building 'scrape-nyt.Rmd'
    
    --- re-building 'usage-newsanchor.Rmd' using rmarkdown
    --- finished re-building 'usage-newsanchor.Rmd'
    
    SUMMARY: processing the following file failed:
     'scrape-nyt.Rmd'
    
    Error: Vignette re-building failed.
    Execution halted
Flavors: r-devel-linux-x86_64-debian-clang, r-devel-linux-x86_64-debian-gcc, r-patched-linux-x86_64, r-release-linux-x86_64

Version: 0.1.0
Check: dependencies in R code
Result: NOTE
    Namespaces in Imports field not imported from:
     ‘devtools’ ‘xml2’
     All declared Imports should be used.
Flavors: r-devel-linux-x86_64-fedora-clang, r-devel-linux-x86_64-fedora-gcc, r-patched-solaris-x86, r-release-osx-x86_64, r-oldrel-osx-x86_64

Version: 0.1.0
Check: data for non-ASCII characters
Result: NOTE
     Note: found 318 marked UTF-8 strings
Flavors: r-devel-linux-x86_64-fedora-clang, r-devel-linux-x86_64-fedora-gcc, r-patched-solaris-x86, r-release-osx-x86_64, r-oldrel-osx-x86_64

Version: 0.1.0
Check: re-building of vignette outputs
Result: WARN
    Error(s) in re-building vignettes:
    --- re-building ‘scrape-nyt.Rmd’ using rmarkdown
    Loading required package: xml2
    
    Attaching package: 'dplyr'
    
    The following objects are masked from 'package:stats':
    
     filter, lag
    
    The following objects are masked from 'package:base':
    
     intersect, setdiff, setequal, union
    
    
     www.nytimes.com
     www.nytimes.com
     www.nytimes.com
     www.nytimes.com
     www.nytimes.com
     www.nytimes.com
     www.nytimes.com
     www.nytimes.com
     www.nytimes.com
     www.nytimes.com
     www.nytimes.com
     www.nytimes.com
     www.nytimes.com
     www.nytimes.com
     www.nytimes.com
     www.nytimes.com
     www.nytimes.com
     www.nytimes.com
     www.nytimes.com
     www.nytimes.com
     www.nytimes.com
     www.nytimes.com
     www.nytimes.com
     www.nytimes.com
     www.nytimes.com
     www.nytimes.com
     www.nytimes.com
     www.nytimes.com
     www.nytimes.com
     www.nytimes.com
     www.nytimes.com
     www.nytimes.com
     www.nytimes.com
     www.nytimes.com
     www.nytimes.com
     www.nytimes.com
     www.nytimes.com
     www.nytimes.com
     www.nytimes.com
     www.nytimes.com
     www.nytimes.com
     www.nytimes.com
     www.nytimes.com
     www.nytimes.com
     www.nytimes.com
     www.nytimes.com
     www.nytimes.com
     www.nytimes.com
     www.nytimes.com
     www.nytimes.com
     www.nytimes.com
     www.nytimes.com
     www.nytimes.com
     www.nytimes.com
     www.nytimes.com
     www.nytimes.com
     www.nytimes.com
     www.nytimes.com
     www.nytimes.com
     www.nytimes.com
     www.nytimes.com
     www.nytimes.com
     www.nytimes.com
     www.nytimes.com
     www.nytimes.com
     www.nytimes.com
     www.nytimes.com
     www.nytimes.com
     www.nytimes.com
     www.nytimes.com
     www.nytimes.com
     www.nytimes.com
     www.nytimes.com
     www.nytimes.com
     www.nytimes.com
     www.nytimes.com
     www.nytimes.com
     www.nytimes.com
     www.nytimes.com
     www.nytimes.com
     www.nytimes.com
     www.nytimes.com
     www.nytimes.com
     www.nytimes.com
     www.nytimes.com
     www.nytimes.com
     www.nytimes.com
     www.nytimes.com
     www.nytimes.com
     www.nytimes.com
     www.nytimes.com
     www.nytimes.com
     www.nytimes.com
     www.nytimes.com
     www.nytimes.com
     www.nytimes.com
     www.nytimes.com
     www.nytimes.com
     www.nytimes.com
     www.nytimes.com
     www.nytimes.com
     www.nytimes.com
     www.nytimes.com
     www.nytimes.com
     www.nytimes.com
     www.nytimes.com
     www.nytimes.com
     www.nytimes.com
     www.nytimes.com
     www.nytimes.com
     www.nytimes.com
     www.nytimes.com
     www.nytimes.com
     www.nytimes.com
     www.nytimes.com
     www.nytimes.com
     www.nytimes.com
     www.nytimes.com
     www.nytimes.com
     www.nytimes.com
     www.nytimes.com
     www.nytimes.com
     www.nytimes.com
     www.nytimes.com
     www.nytimes.com
     www.nytimes.com
     www.nytimes.com
     www.nytimes.com
     www.nytimes.com
     www.nytimes.com
     www.nytimes.com
     www.nytimes.com
     www.nytimes.com
     www.nytimes.com
     www.nytimes.com
     www.nytimes.com
     www.nytimes.com
     www.nytimes.com
     www.nytimes.com
     www.nytimes.com
     www.nytimes.com
     www.nytimes.com
     www.nytimes.com
     www.nytimes.com
     www.nytimes.com
     www.nytimes.com
     www.nytimes.com
     www.nytimes.com
     www.nytimes.com
     www.nytimes.com
     www.nytimes.com
     www.nytimes.com
     www.nytimes.com
     www.nytimes.com
     www.nytimes.com
     www.nytimes.com
     www.nytimes.com
     www.nytimes.com
     www.nytimes.com
     www.nytimes.com
     www.nytimes.com
     www.nytimes.com
     www.nytimes.com
     www.nytimes.com
     www.nytimes.com
     www.nytimes.com
     www.nytimes.com
     www.nytimes.com
     www.nytimes.com
     www.nytimes.com
     www.nytimes.com
     www.nytimes.com
     www.nytimes.com
     www.nytimes.com
     www.nytimes.com
     www.nytimes.com
     www.nytimes.com
     www.nytimes.com
     www.nytimes.com
    
    Quitting from lines 145-156 (scrape-nyt.Rmd)
    Error: processing vignette 'scrape-nyt.Rmd' failed with diagnostics:
    menu() cannot be used non-interactively
    --- failed re-building ‘scrape-nyt.Rmd’
    
    --- re-building ‘usage-newsanchor.Rmd’ using rmarkdown
    --- finished re-building ‘usage-newsanchor.Rmd’
    
    SUMMARY: processing the following file failed:
     ‘scrape-nyt.Rmd’
    
    Error: Vignette re-building failed.
    Execution halted
Flavors: r-devel-linux-x86_64-fedora-clang, r-devel-linux-x86_64-fedora-gcc

Version: 0.1.0
Check: re-building of vignette outputs
Result: WARN
    Error(s) in re-building vignettes:
     ...
    --- re-building ‘scrape-nyt.Rmd’ using rmarkdown
    Warning in engine$weave(file, quiet = quiet, encoding = enc) :
     Pandoc (>= 1.12.3) and/or pandoc-citeproc not available. Falling back to R Markdown v1.
    Loading required package: xml2
    
    Attaching package: 'dplyr'
    
    The following objects are masked from 'package:stats':
    
     filter, lag
    
    The following objects are masked from 'package:base':
    
     intersect, setdiff, setequal, union
    
    
     www.nytimes.com
     www.nytimes.com
     www.nytimes.com
     www.nytimes.com
     www.nytimes.com
     www.nytimes.com
     www.nytimes.com
     www.nytimes.com
     www.nytimes.com
     www.nytimes.com
     www.nytimes.com
     www.nytimes.com
     www.nytimes.com
     www.nytimes.com
     www.nytimes.com
     www.nytimes.com
     www.nytimes.com
     www.nytimes.com
     www.nytimes.com
     www.nytimes.com
     www.nytimes.com
     www.nytimes.com
     www.nytimes.com
     www.nytimes.com
     www.nytimes.com
     www.nytimes.com
     www.nytimes.com
     www.nytimes.com
     www.nytimes.com
     www.nytimes.com
     www.nytimes.com
     www.nytimes.com
     www.nytimes.com
     www.nytimes.com
     www.nytimes.com
     www.nytimes.com
     www.nytimes.com
     www.nytimes.com
     www.nytimes.com
     www.nytimes.com
     www.nytimes.com
     www.nytimes.com
     www.nytimes.com
     www.nytimes.com
     www.nytimes.com
     www.nytimes.com
     www.nytimes.com
     www.nytimes.com
     www.nytimes.com
     www.nytimes.com
     www.nytimes.com
     www.nytimes.com
     www.nytimes.com
     www.nytimes.com
     www.nytimes.com
     www.nytimes.com
     www.nytimes.com
     www.nytimes.com
     www.nytimes.com
     www.nytimes.com
     www.nytimes.com
     www.nytimes.com
     www.nytimes.com
     www.nytimes.com
     www.nytimes.com
     www.nytimes.com
     www.nytimes.com
     www.nytimes.com
     www.nytimes.com
     www.nytimes.com
     www.nytimes.com
     www.nytimes.com
     www.nytimes.com
     www.nytimes.com
     www.nytimes.com
     www.nytimes.com
     www.nytimes.com
     www.nytimes.com
     www.nytimes.com
     www.nytimes.com
     www.nytimes.com
     www.nytimes.com
     www.nytimes.com
     www.nytimes.com
     www.nytimes.com
     www.nytimes.com
     www.nytimes.com
     www.nytimes.com
     www.nytimes.com
     www.nytimes.com
     www.nytimes.com
     www.nytimes.com
     www.nytimes.com
     www.nytimes.com
     www.nytimes.com
     www.nytimes.com
     www.nytimes.com
     www.nytimes.com
     www.nytimes.com
     www.nytimes.com
     www.nytimes.com
     www.nytimes.com
     www.nytimes.com
     www.nytimes.com
     www.nytimes.com
     www.nytimes.com
     www.nytimes.com
     www.nytimes.com
     www.nytimes.com
     www.nytimes.com
     www.nytimes.com
     www.nytimes.com
     www.nytimes.com
     www.nytimes.com
     www.nytimes.com
     www.nytimes.com
     www.nytimes.com
     www.nytimes.com
     www.nytimes.com
     www.nytimes.com
     www.nytimes.com
     www.nytimes.com
     www.nytimes.com
     www.nytimes.com
     www.nytimes.com
     www.nytimes.com
     www.nytimes.com
     www.nytimes.com
     www.nytimes.com
     www.nytimes.com
     www.nytimes.com
     www.nytimes.com
     www.nytimes.com
     www.nytimes.com
     www.nytimes.com
     www.nytimes.com
     www.nytimes.com
     www.nytimes.com
     www.nytimes.com
     www.nytimes.com
     www.nytimes.com
     www.nytimes.com
     www.nytimes.com
     www.nytimes.com
     www.nytimes.com
     www.nytimes.com
     www.nytimes.com
     www.nytimes.com
     www.nytimes.com
     www.nytimes.com
     www.nytimes.com
     www.nytimes.com
     www.nytimes.com
     www.nytimes.com
     www.nytimes.com
     www.nytimes.com
     www.nytimes.com
     www.nytimes.com
     www.nytimes.com
     www.nytimes.com
     www.nytimes.com
     www.nytimes.com
     www.nytimes.com
     www.nytimes.com
     www.nytimes.com
     www.nytimes.com
     www.nytimes.com
     www.nytimes.com
     www.nytimes.com
     www.nytimes.com
     www.nytimes.com
     www.nytimes.com
     www.nytimes.com
     www.nytimes.com
     www.nytimes.com
     www.nytimes.com
     www.nytimes.com
     www.nytimes.com
     www.nytimes.com
    
    Quitting from lines 145-156 (scrape-nyt.Rmd)
    Error: processing vignette 'scrape-nyt.Rmd' failed with diagnostics:
    there is no package called 'textdata'
    --- failed re-building ‘scrape-nyt.Rmd’
    
    --- re-building ‘usage-newsanchor.Rmd’ using rmarkdown
    Warning in engine$weave(file, quiet = quiet, encoding = enc) :
     Pandoc (>= 1.12.3) and/or pandoc-citeproc not available. Falling back to R Markdown v1.
    --- finished re-building ‘usage-newsanchor.Rmd’
    
    SUMMARY: processing the following file failed:
     ‘scrape-nyt.Rmd’
    
    Error: Vignette re-building failed.
    Execution halted
Flavor: r-patched-solaris-x86