Last updated on 2019-06-18 01:48:45 CEST.
Flavor | Version | Tinstall | Tcheck | Ttotal | Status | Flags |
---|---|---|---|---|---|---|
r-devel-linux-x86_64-debian-clang | 0.0-1 | 1.47 | 22.38 | 23.85 | NOTE | |
r-devel-linux-x86_64-debian-gcc | 0.0-1 | 1.21 | 17.98 | 19.19 | NOTE | |
r-devel-linux-x86_64-fedora-clang | 0.0-1 | 29.60 | NOTE | |||
r-devel-linux-x86_64-fedora-gcc | 0.0-1 | 28.40 | NOTE | |||
r-devel-windows-ix86+x86_64 | 0.0-1 | 6.00 | 35.00 | 41.00 | NOTE | |
r-patched-linux-x86_64 | 0.0-1 | 1.47 | 22.51 | 23.98 | NOTE | |
r-patched-solaris-x86 | 0.0-1 | 44.10 | NOTE | |||
r-release-linux-x86_64 | 0.0-1 | 1.55 | 22.72 | 24.27 | NOTE | |
r-release-windows-ix86+x86_64 | 0.0-1 | 5.00 | 50.00 | 55.00 | NOTE | |
r-release-osx-x86_64 | 0.0-1 | NOTE | ||||
r-oldrel-windows-ix86+x86_64 | 0.0-1 | 3.00 | 32.00 | 35.00 | NOTE | |
r-oldrel-osx-x86_64 | 0.0-1 | NOTE |
Version: 0.0-1
Check: DESCRIPTION meta-information
Result: NOTE
Malformed Description field: should contain one or more complete sentences.
Flavors: r-devel-linux-x86_64-debian-clang, r-devel-linux-x86_64-debian-gcc, r-devel-linux-x86_64-fedora-clang, r-devel-linux-x86_64-fedora-gcc, r-devel-windows-ix86+x86_64, r-patched-linux-x86_64, r-patched-solaris-x86, r-release-linux-x86_64, r-release-windows-ix86+x86_64, r-release-osx-x86_64, r-oldrel-windows-ix86+x86_64, r-oldrel-osx-x86_64