Last updated on 2019-06-18 01:48:46 CEST.
Flavor | Version | Tinstall | Tcheck | Ttotal | Status | Flags |
---|---|---|---|---|---|---|
r-devel-linux-x86_64-debian-clang | 1.3.1 | 37.71 | 59.11 | 96.82 | OK | |
r-devel-linux-x86_64-debian-gcc | 1.3.1 | 32.02 | 48.03 | 80.05 | OK | |
r-devel-linux-x86_64-fedora-clang | 1.3.1 | 137.09 | NOTE | |||
r-devel-linux-x86_64-fedora-gcc | 1.3.1 | 126.46 | NOTE | |||
r-devel-windows-ix86+x86_64 | 1.3.1 | 119.00 | 149.00 | 268.00 | OK | |
r-patched-linux-x86_64 | 1.3.1 | 38.48 | 59.13 | 97.61 | OK | |
r-patched-solaris-x86 | 1.3.1 | 178.20 | OK | |||
r-release-linux-x86_64 | 1.3.1 | 39.57 | 59.23 | 98.80 | OK | |
r-release-windows-ix86+x86_64 | 1.3.1 | 84.00 | 105.00 | 189.00 | OK | |
r-release-osx-x86_64 | 1.3.1 | OK | ||||
r-oldrel-windows-ix86+x86_64 | 1.3.1 | 70.00 | 129.00 | 199.00 | OK | |
r-oldrel-osx-x86_64 | 1.3.1 | OK |
Version: 1.3.1
Check: compiled code
Result: NOTE
File ‘onlinePCA/libs/onlinePCA.so’:
Found no calls to: ‘R_registerRoutines’, ‘R_useDynamicSymbols’
It is good practice to register native routines and to disable symbol
search.
See ‘Writing portable packages’ in the ‘Writing R Extensions’ manual.
Flavors: r-devel-linux-x86_64-fedora-clang, r-devel-linux-x86_64-fedora-gcc