CRAN Package Check Results for Package openNLP

Last updated on 2019-06-18 01:48:46 CEST.

Flavor Version Tinstall Tcheck Ttotal Status Flags
r-devel-linux-x86_64-debian-clang 0.2-6 2.88 38.58 41.46 NOTE
r-devel-linux-x86_64-debian-gcc 0.2-6 2.81 32.34 35.15 NOTE
r-devel-linux-x86_64-fedora-clang 0.2-6 53.03 NOTE
r-devel-linux-x86_64-fedora-gcc 0.2-6 52.52 NOTE
r-devel-windows-ix86+x86_64 0.2-6 7.00 47.00 54.00 NOTE
r-patched-linux-x86_64 0.2-6 3.03 39.88 42.91 NOTE
r-patched-solaris-x86 0.2-6 76.40 NOTE
r-release-linux-x86_64 0.2-6 3.55 39.32 42.87 NOTE
r-release-windows-ix86+x86_64 0.2-6 7.00 59.00 66.00 NOTE
r-release-osx-x86_64 0.2-6 NOTE
r-oldrel-windows-ix86+x86_64 0.2-6 5.00 47.00 52.00 NOTE
r-oldrel-osx-x86_64 0.2-6 NOTE

Check Details

Version: 0.2-6
Check: package dependencies
Result: NOTE
    Package suggested but not available for checking: 'openNLPmodels.en'
Flavors: r-devel-linux-x86_64-debian-clang, r-devel-linux-x86_64-debian-gcc, r-devel-linux-x86_64-fedora-clang, r-devel-linux-x86_64-fedora-gcc, r-devel-windows-ix86+x86_64, r-patched-linux-x86_64, r-patched-solaris-x86, r-release-linux-x86_64, r-release-windows-ix86+x86_64, r-release-osx-x86_64, r-oldrel-windows-ix86+x86_64, r-oldrel-osx-x86_64